{"id":148,"date":"2024-11-24T16:39:54","date_gmt":"2024-11-24T16:39:54","guid":{"rendered":"https:\/\/portal.hospitalsvpgarzon.gov.co\/?page_id=148"},"modified":"2025-11-14T11:18:19","modified_gmt":"2025-11-14T16:18:19","slug":"mecanismos-atencion-al-ciudadano","status":"publish","type":"page","link":"https:\/\/hospitalsvpgarzon.gov.co\/index.php\/en-linea\/siau_sistema-informacion-atencion-al-usuario\/mecanismos-atencion-al-ciudadano\/","title":{"rendered":"Mecanismos Atenci\u00f3n al Ciudadano"},"content":{"rendered":"<p><div class=\"fusion-fullwidth fullwidth-box fusion-builder-row-1 fusion-flex-container has-pattern-background has-mask-background nonhundred-percent-fullwidth non-hundred-percent-height-scrolling\" style=\"--awb-border-radius-top-left:0px;--awb-border-radius-top-right:0px;--awb-border-radius-bottom-right:0px;--awb-border-radius-bottom-left:0px;--awb-margin-bottom:30px;--awb-flex-wrap:wrap;\" ><div class=\"fusion-builder-row fusion-row fusion-flex-align-items-flex-start fusion-flex-content-wrap\" style=\"max-width:89.44%;margin-left: calc(-4% \/ 2 );margin-right: calc(-4% \/ 2 );\"><div class=\"fusion-layout-column fusion_builder_column fusion-builder-column-0 fusion_builder_column_1_2 1_2 fusion-flex-column\" style=\"--awb-bg-size:cover;--awb-width-large:50%;--awb-margin-top-large:0px;--awb-spacing-right-large:3.84%;--awb-margin-bottom-large:20px;--awb-spacing-left-large:3.84%;--awb-width-medium:50%;--awb-order-medium:0;--awb-spacing-right-medium:3.84%;--awb-spacing-left-medium:3.84%;--awb-width-small:100%;--awb-order-small:0;--awb-spacing-right-small:1.92%;--awb-spacing-left-small:1.92%;\"><div class=\"fusion-column-wrapper fusion-column-has-shadow fusion-flex-justify-content-flex-start fusion-content-layout-column\"><div class=\"fusion-title title fusion-title-1 fusion-sep-none fusion-title-text fusion-title-size-three\"><h3 class=\"fusion-title-heading title-heading-left\" style=\"margin:0;text-transform:none;\">Portafolio de Servicios<\/h3><\/div><div class=\"fusion-video fusion-youtube\" style=\"--awb-max-width:600px;--awb-max-height:360px;\"><div class=\"video-shortcode\"><lite-youtube videoid=\"Ga2XYUwCA_8\" class=\"landscape\" params=\"wmode=transparent&autoplay=1&enablejsapi=1\" title=\"YouTube video player 1\" width=\"600\" height=\"360\" data-thumbnail-size=\"auto\"><\/lite-youtube><\/div><\/div><\/div><\/div><div class=\"fusion-layout-column fusion_builder_column fusion-builder-column-1 fusion_builder_column_1_2 1_2 fusion-flex-column\" style=\"--awb-bg-size:cover;--awb-width-large:50%;--awb-margin-top-large:0px;--awb-spacing-right-large:3.84%;--awb-margin-bottom-large:20px;--awb-spacing-left-large:3.84%;--awb-width-medium:50%;--awb-order-medium:0;--awb-spacing-right-medium:3.84%;--awb-spacing-left-medium:3.84%;--awb-width-small:100%;--awb-order-small:0;--awb-spacing-right-small:1.92%;--awb-spacing-left-small:1.92%;\"><div class=\"fusion-column-wrapper fusion-column-has-shadow fusion-flex-justify-content-flex-start fusion-content-layout-column\"><div class=\"fusion-title title fusion-title-2 fusion-sep-none fusion-title-text fusion-title-size-three\"><h3 class=\"fusion-title-heading title-heading-left\" style=\"margin:0;text-transform:none;\">SIAU<\/h3><\/div><div class=\"fusion-video fusion-youtube\" style=\"--awb-max-width:600px;--awb-max-height:360px;\"><div class=\"video-shortcode\"><lite-youtube videoid=\"1qutS1ZNE4Q\" class=\"landscape\" params=\"wmode=transparent&autoplay=1&enablejsapi=1\" title=\"YouTube video player 2\" width=\"600\" height=\"360\" data-thumbnail-size=\"auto\"><\/lite-youtube><\/div><\/div><\/div><\/div><\/div><\/div><div class=\"fusion-fullwidth fullwidth-box fusion-builder-row-2 fusion-flex-container has-pattern-background has-mask-background nonhundred-percent-fullwidth non-hundred-percent-height-scrolling\" style=\"--awb-border-radius-top-left:0px;--awb-border-radius-top-right:0px;--awb-border-radius-bottom-right:0px;--awb-border-radius-bottom-left:0px;--awb-flex-wrap:wrap;\" ><div class=\"fusion-builder-row fusion-row fusion-flex-align-items-flex-start fusion-flex-content-wrap\" style=\"max-width:89.44%;margin-left: calc(-4% \/ 2 );margin-right: calc(-4% \/ 2 );\"><div class=\"fusion-layout-column fusion_builder_column fusion-builder-column-2 fusion_builder_column_1_1 1_1 fusion-flex-column\" style=\"--awb-bg-color:var(--awb-color1);--awb-bg-color-hover:var(--awb-color1);--awb-bg-size:cover;--awb-width-large:100%;--awb-margin-top-large:0px;--awb-spacing-right-large:1.92%;--awb-margin-bottom-large:20px;--awb-spacing-left-large:1.92%;--awb-width-medium:100%;--awb-order-medium:0;--awb-spacing-right-medium:1.92%;--awb-spacing-left-medium:1.92%;--awb-width-small:100%;--awb-order-small:0;--awb-spacing-right-small:1.92%;--awb-spacing-left-small:1.92%;\" data-scroll-devices=\"small-visibility,medium-visibility,large-visibility\"><div class=\"fusion-column-wrapper fusion-column-has-shadow fusion-flex-justify-content-flex-start fusion-content-layout-column\"><div class=\"fusion-alert alert notice alert-warning fusion-alert-center awb-alert-native-link-color alert-dismissable awb-alert-close-boxed\" role=\"alert\"><div class=\"fusion-alert-content-wrapper\"><span class=\"alert-icon\"><i class=\"awb-icon-cog\" aria-hidden=\"true\"><\/i><\/span><span class=\"fusion-alert-content\">A continuaci\u00f3n se describen los medios y mecanismos a trav\u00e9s de los cuales pueden participar los ciudadanos con la E.S.E Hospital Departamental San Vicente de Pa\u00fal de Garz\u00f3n.<\/span><\/div><button type=\"button\" class=\"close toggle-alert\" data-dismiss=\"alert\" aria-label=\"Close\">&times;<\/button><\/div><\/div><\/div><\/div><\/div><div class=\"fusion-fullwidth fullwidth-box fusion-builder-row-3 fusion-flex-container has-pattern-background has-mask-background nonhundred-percent-fullwidth non-hundred-percent-height-scrolling\" style=\"--awb-border-radius-top-left:0px;--awb-border-radius-top-right:0px;--awb-border-radius-bottom-right:0px;--awb-border-radius-bottom-left:0px;--awb-flex-wrap:wrap;\" ><div class=\"fusion-builder-row fusion-row fusion-flex-align-items-flex-start fusion-flex-content-wrap\" style=\"max-width:89.44%;margin-left: calc(-4% \/ 2 );margin-right: calc(-4% \/ 2 );\"><div class=\"fusion-layout-column fusion_builder_column fusion-builder-column-3 fusion_builder_column_1_1 1_1 fusion-flex-column\" style=\"--awb-bg-size:cover;--awb-width-large:100%;--awb-margin-top-large:0px;--awb-spacing-right-large:1.92%;--awb-margin-bottom-large:20px;--awb-spacing-left-large:1.92%;--awb-width-medium:100%;--awb-order-medium:0;--awb-spacing-right-medium:1.92%;--awb-spacing-left-medium:1.92%;--awb-width-small:100%;--awb-order-small:0;--awb-spacing-right-small:1.92%;--awb-spacing-left-small:1.92%;\"><div class=\"fusion-column-wrapper fusion-column-has-shadow fusion-flex-justify-content-flex-start fusion-content-layout-column\"><div class=\"fusion-title title fusion-title-3 fusion-sep-none fusion-title-text fusion-title-size-three\"><h3 class=\"fusion-title-heading title-heading-left\" style=\"margin:0;text-transform:none;\">Mecanismos para Interponer PQRSD<\/h3><\/div><div class=\"fusion-text fusion-text-1\"><p>Apreciado Usuario: Para la instituci\u00f3n es muy importante contar con los comentarios acerca de la experiencia adquirida en cada uno de nuestros servicios. En procura de mejorar nuestros servicios y tr\u00e1mites que ofrecemos a nuestros grupos de inter\u00e9s, hemos redise\u00f1ado nuestra p\u00e1gina Web, a trav\u00e9s de la cual usted podr\u00e1 registrar sus solicitudes, quejas, reclamos y\/o sugerencias sobre temas de nuestra competencia y de igual forma, consultar informaci\u00f3n relacionada con nuestra gesti\u00f3n institucional y del sector.<\/p>\n<\/div><\/div><\/div><\/div><\/div><div class=\"fusion-fullwidth fullwidth-box fusion-builder-row-4 fusion-flex-container has-pattern-background has-mask-background nonhundred-percent-fullwidth non-hundred-percent-height-scrolling\" style=\"--awb-border-radius-top-left:0px;--awb-border-radius-top-right:0px;--awb-border-radius-bottom-right:0px;--awb-border-radius-bottom-left:0px;--awb-flex-wrap:wrap;\" ><div class=\"fusion-builder-row fusion-row fusion-flex-align-items-flex-start fusion-flex-content-wrap\" style=\"max-width:89.44%;margin-left: calc(-4% \/ 2 );margin-right: calc(-4% \/ 2 );\"><div class=\"fusion-layout-column fusion_builder_column fusion-builder-column-4 fusion_builder_column_1_2 1_2 fusion-flex-column\" style=\"--awb-bg-size:cover;--awb-width-large:50%;--awb-margin-top-large:0px;--awb-spacing-right-large:3.84%;--awb-margin-bottom-large:20px;--awb-spacing-left-large:3.84%;--awb-width-medium:50%;--awb-order-medium:0;--awb-spacing-right-medium:3.84%;--awb-spacing-left-medium:3.84%;--awb-width-small:100%;--awb-order-small:0;--awb-spacing-right-small:1.92%;--awb-spacing-left-small:1.92%;\"><div class=\"fusion-column-wrapper fusion-column-has-shadow fusion-flex-justify-content-flex-start fusion-content-layout-column\"><div class=\"fusion-title title fusion-title-4 fusion-sep-none fusion-title-text fusion-title-size-three\"><h3 class=\"fusion-title-heading title-heading-left\" style=\"margin:0;text-transform:none;\">Presencial (Oficina de Atenci\u00f3n al Usuario &#8211; \u00a0SIAU)<\/h3><\/div><div class=\"fusion-text fusion-text-2\"><p>Direcci\u00f3n: Calle 7 N\u00b0 14 \u2013 69 (Garz\u00f3n, Huila, Colombia)<\/p>\n<p>Lunes a jueves:\u00a0 De 07:00 am a 06:00 pm en jornada continua<\/p>\n<p>Viernes: De 07:00 am a 05:00 pm en jornada continua<\/p>\n<\/div><\/div><\/div><div class=\"fusion-layout-column fusion_builder_column fusion-builder-column-5 fusion_builder_column_1_2 1_2 fusion-flex-column\" style=\"--awb-bg-size:cover;--awb-width-large:50%;--awb-margin-top-large:0px;--awb-spacing-right-large:3.84%;--awb-margin-bottom-large:20px;--awb-spacing-left-large:3.84%;--awb-width-medium:50%;--awb-order-medium:0;--awb-spacing-right-medium:3.84%;--awb-spacing-left-medium:3.84%;--awb-width-small:100%;--awb-order-small:0;--awb-spacing-right-small:1.92%;--awb-spacing-left-small:1.92%;\"><div class=\"fusion-column-wrapper fusion-column-has-shadow fusion-flex-justify-content-flex-start fusion-content-layout-column\"><div class=\"fusion-title title fusion-title-5 fusion-sep-none fusion-title-text fusion-title-size-three\"><h3 class=\"fusion-title-heading title-heading-left\" style=\"margin:0;text-transform:none;\">Buz\u00f3n de Sugerencias (En los diferentes servicios de la E.S.E)<\/h3><\/div><div class=\"fusion-text fusion-text-3\"><ul>\n<li>Urgencias<\/li>\n<li>Sala de Partos<\/li>\n<li>Cirug\u00eda<\/li>\n<li>Im\u00e1genes Diagn\u00f3sticas<\/li>\n<li>UCI adultos<\/li>\n<li>Hospitalizaci\u00f3n<\/li>\n<li>Consulta Externa<\/li>\n<li>Centro de Terapias<\/li>\n<\/ul>\n<\/div><\/div><\/div><div class=\"fusion-layout-column fusion_builder_column fusion-builder-column-6 fusion_builder_column_1_1 1_1 fusion-flex-column\" style=\"--awb-bg-size:cover;--awb-width-large:100%;--awb-margin-top-large:0px;--awb-spacing-right-large:1.92%;--awb-margin-bottom-large:20px;--awb-spacing-left-large:1.92%;--awb-width-medium:100%;--awb-order-medium:0;--awb-spacing-right-medium:1.92%;--awb-spacing-left-medium:1.92%;--awb-width-small:100%;--awb-order-small:0;--awb-spacing-right-small:1.92%;--awb-spacing-left-small:1.92%;\"><div class=\"fusion-column-wrapper fusion-column-has-shadow fusion-flex-justify-content-flex-start fusion-content-layout-column\"><div class=\"fusion-title title fusion-title-6 fusion-sep-none fusion-title-text fusion-title-size-three\"><h3 class=\"fusion-title-heading title-heading-left\" style=\"margin:0;text-transform:none;\">L\u00edneas Telef\u00f3nicas<\/h3><\/div><\/div><\/div><div class=\"fusion-layout-column fusion_builder_column fusion-builder-column-7 fusion_builder_column_1_1 1_1 fusion-flex-column\" style=\"--awb-bg-size:cover;--awb-width-large:100%;--awb-margin-top-large:0px;--awb-spacing-right-large:1.92%;--awb-margin-bottom-large:20px;--awb-spacing-left-large:1.92%;--awb-width-medium:100%;--awb-order-medium:0;--awb-spacing-right-medium:1.92%;--awb-spacing-left-medium:1.92%;--awb-width-small:100%;--awb-order-small:0;--awb-spacing-right-small:1.92%;--awb-spacing-left-small:1.92%;\"><div class=\"fusion-column-wrapper fusion-column-has-shadow fusion-flex-justify-content-flex-start fusion-content-layout-column\"><div class=\"fusion-text fusion-text-4\"><ul>\n<li>L\u00ednea gratuita nacional: 018000948949<\/li>\n<li>L\u00ednea fija: (+57) 8332437 \u2013 8332450 extensi\u00f3n 171<\/li>\n<li>M\u00f3vil:&nbsp;(+57)&nbsp;3185865654 conmutador:&nbsp;(+57)&nbsp;8332437 \u2013 8332450 \u2013 8332441 \u2013 8332457 &#8211; 8332014<\/li>\n<li>Lunes a jueves de 07:00 a.m. A 06:00 p.m.<\/li>\n<li>Viernes de 07:00 a.m. A 05:00 p.m.<\/li>\n<li>Asignaci\u00f3n de citas especialistas : (+57) 3154883460\n<p>correo:&nbsp;<a href=\"mailto:centralcitas@hospitalsvpgarzon.gov.co\">centralcitas@hospitalsvpgarzon.gov.co<\/a>&nbsp;o&nbsp;<a href=\"mailto:autorizaciones@hospitalsvpgarzon.gov.co\">autorizaciones@hospitalsvpgarzon.gov.co<\/a><\/li>\n<li>Asignaci\u00f3n de citas imagenes diagnosticas: v\u00eda telefonica y&nbsp;&nbsp;whatsapp:&nbsp;&nbsp;3166307019<br \/>correo: <a href=\"mailto:imgdiagnosticas@hospitalsvpgarzon.gov.co\">imgdiagnosticas@hospitalsvpgarzon.gov.co<\/a><\/li>\n<li>Asignaci\u00f3n de citas centro de terapias: v\u00eda telefonica y&nbsp;&nbsp;whatsapp: 3182822648<br \/>correo:&nbsp;<a href=\"mailto:centroterapias@hospitalsvpgarzon.gov.co\">centroterapias@hospitalsvpgarzon.gov.co<\/a><\/li>\n<\/ul>\n<\/div><\/div><\/div><\/div><\/div><div class=\"fusion-fullwidth fullwidth-box fusion-builder-row-5 fusion-flex-container has-pattern-background has-mask-background nonhundred-percent-fullwidth non-hundred-percent-height-scrolling\" style=\"--awb-border-radius-top-left:0px;--awb-border-radius-top-right:0px;--awb-border-radius-bottom-right:0px;--awb-border-radius-bottom-left:0px;--awb-flex-wrap:wrap;\" ><div class=\"fusion-builder-row fusion-row fusion-flex-align-items-flex-start fusion-flex-content-wrap\" style=\"max-width:89.44%;margin-left: calc(-4% \/ 2 );margin-right: calc(-4% \/ 2 );\"><div class=\"fusion-layout-column fusion_builder_column fusion-builder-column-8 fusion_builder_column_1_2 1_2 fusion-flex-column\" style=\"--awb-bg-size:cover;--awb-width-large:50%;--awb-margin-top-large:0px;--awb-spacing-right-large:3.84%;--awb-margin-bottom-large:20px;--awb-spacing-left-large:3.84%;--awb-width-medium:50%;--awb-order-medium:0;--awb-spacing-right-medium:3.84%;--awb-spacing-left-medium:3.84%;--awb-width-small:100%;--awb-order-small:0;--awb-spacing-right-small:1.92%;--awb-spacing-left-small:1.92%;\"><div class=\"fusion-column-wrapper fusion-column-has-shadow fusion-flex-justify-content-flex-start fusion-content-layout-column\"><div class=\"fusion-title title fusion-title-7 fusion-sep-none fusion-title-text fusion-title-size-three\"><h3 class=\"fusion-title-heading title-heading-left\" style=\"margin:0;text-transform:none;\">Canales de comunicaci\u00f3n virtuales<\/h3><\/div><div class=\"fusion-text fusion-text-5\"><p>Virtual: Sitio Web<\/p>\n<ul>\n<li>http:\/\/www.hospitalsvpgarzon.gov.co\/ (Peticiones, Quejas, reclamos, demandas y felicitaciones)<\/li>\n<\/ul>\n<p>Redes Sociales<\/p>\n<ul>\n<li>Twitter:\n<ul>\n<li>https:\/\/twitter.com\/HospitalGarzon<\/li>\n<\/ul>\n<\/li>\n<li>Facebook:\n<ul>\n<li>https:\/\/www.facebook.com\/ESEHospitalGarzon\/<\/li>\n<\/ul>\n<\/li>\n<\/ul>\n<p>Correo Electr\u00f3nico institucional:<\/p>\n<ul>\n<li><a href=\"mailto:gerencia@hospitalsvpgarzon.gov.co\">gerencia@hospitalsvpgarzon.gov.co<\/a><\/li>\n<li><a href=\"mailto:siau@hospitalsvpgarzon.gov.co\">siau@hospitalsvpgarzon.gov.co<\/a><\/li>\n<\/ul>\n<p>Correo para notificaciones judiciales:<\/p>\n<ul>\n<li><a href=\"mailto:notificaciones.subcientifica@hospitalsvpgarzon.gov.co\">notificaciones.subcientifica@hospitalsvpgarzon.gov.co<\/a><\/li>\n<\/ul>\n<\/div><\/div><\/div><div class=\"fusion-layout-column fusion_builder_column fusion-builder-column-9 fusion_builder_column_1_2 1_2 fusion-flex-column\" style=\"--awb-bg-size:cover;--awb-width-large:50%;--awb-margin-top-large:0px;--awb-spacing-right-large:3.84%;--awb-margin-bottom-large:20px;--awb-spacing-left-large:3.84%;--awb-width-medium:50%;--awb-order-medium:0;--awb-spacing-right-medium:3.84%;--awb-spacing-left-medium:3.84%;--awb-width-small:100%;--awb-order-small:0;--awb-spacing-right-small:1.92%;--awb-spacing-left-small:1.92%;\"><div class=\"fusion-column-wrapper fusion-column-has-shadow fusion-flex-justify-content-flex-start fusion-content-layout-column\"><div class=\"fusion-title title fusion-title-8 fusion-sep-none fusion-title-text fusion-title-size-three\"><h3 class=\"fusion-title-heading title-heading-left\" style=\"margin:0;text-transform:none;\">Mecanismos de participaci\u00f3n ciudadana<\/h3><\/div><div class=\"fusion-text fusion-text-6\"><ul>\n<li>Audiencia p\u00fablica de rendici\u00f3n de cuentas:\u00a0Espacios para la rendici\u00f3n de cuentas, de encuentro y reflexi\u00f3n final sobre los resultados de la gesti\u00f3n de un periodo.<\/li>\n<li>Rendici\u00f3n de cuentas:\u00a0deber que tienen las autoridades de la administraci\u00f3n p\u00fablica de responder p\u00fablicamente, ante las exigencias que haga la ciudadan\u00eda, por el manejo de los recursos, las decisiones y la gesti\u00f3n realizada en el ejercicio del poder que les ha sido delegado.<\/li>\n<li>Veedur\u00eda ciudadana:\u00a0mecanismo democr\u00e1tico de representaci\u00f3n que le permite a los ciudadanos o a las diferentes organizaciones comunitarias, ejercer vigilancia sobre la gesti\u00f3n p\u00fablica.<\/li>\n<\/ul>\n<\/div><\/div><\/div><div class=\"fusion-layout-column fusion_builder_column fusion-builder-column-10 fusion_builder_column_1_1 1_1 fusion-flex-column\" style=\"--awb-bg-size:cover;--awb-width-large:100%;--awb-margin-top-large:0px;--awb-spacing-right-large:1.92%;--awb-margin-bottom-large:20px;--awb-spacing-left-large:1.92%;--awb-width-medium:100%;--awb-order-medium:0;--awb-spacing-right-medium:1.92%;--awb-spacing-left-medium:1.92%;--awb-width-small:100%;--awb-order-small:0;--awb-spacing-right-small:1.92%;--awb-spacing-left-small:1.92%;\"><div class=\"fusion-column-wrapper fusion-column-has-shadow fusion-flex-justify-content-flex-start fusion-content-layout-column\"><div class=\"fusion-title title fusion-title-9 fusion-sep-none fusion-title-text fusion-title-size-three\"><h3 class=\"fusion-title-heading title-heading-left\" style=\"margin:0;text-transform:none;\">Plan de acci\u00f3n\u00a0y seguimiento a la pol\u00edtica de participaci\u00f3n en salud.<\/h3><\/div><div class=\"fusion-text fusion-text-7\"><p>Tiene como objetivo dar respuesta a las necesidades y problem\u00e1ticas que afectan, limitan o restringen la participaci\u00f3n de la ciudadan\u00eda en salud en el marco de lo establecido en las leyes 1438 de 2011 y 1751 de 2015, adoptada mediante Resoluci\u00f3n 2063 de 2017.<\/p>\n<ul>\n<li>Pol\u00edtica de participaci\u00f3n ciudadana en la gesti\u00f3n p\u00fablica\u00a0<a href=\"https:\/\/www.hospitalsvpgarzon.gov.co\/documentos\/controlinterno\/POLITICA_PARTICIPACI%C3%93N_CIUDADANA.pdf\">DESCARGAR ARCHIVOS AQUI<\/a>.<\/li>\n<li>Seguimiento de la pol\u00edtica de participaci\u00f3n en salud HSVP\u00a0<a href=\"https:\/\/www.hospitalsvpgarzon.gov.co\/documentos\/controlinterno\/SEGUIMIENTO_POLITICA_PARTICIPACION.pdf\">DESCARGAR ARCHIVOS AQUI<\/a>.<\/li>\n<li>Capacitaciones en Pol\u00edtica de participaci\u00f3n en salud PPS\u00a0<a href=\"https:\/\/www.hospitalsvpgarzon.gov.co\/documentos\/controlinterno\/CAPACITACIONES_POLITICA.zip\">DESCARGAR ARCHIVOS AQUI.<\/a><\/li>\n<\/ul>\n<\/div><\/div><\/div><\/div><\/div><\/p>\n","protected":false},"excerpt":{"rendered":"","protected":false},"author":1,"featured_media":0,"parent":1566,"menu_order":0,"comment_status":"closed","ping_status":"closed","template":"","meta":{"footnotes":""},"class_list":["post-148","page","type-page","status-publish","hentry"],"yoast_head":"<!-- This site is optimized with the Yoast SEO plugin v26.6 - https:\/\/yoast.com\/wordpress\/plugins\/seo\/ -->\n<title>Mecanismos Atenci\u00f3n al Ciudadano - San Vicente de Paul<\/title>\n<meta name=\"robots\" content=\"index, follow, max-snippet:-1, max-image-preview:large, max-video-preview:-1\" \/>\n<link rel=\"canonical\" href=\"https:\/\/hospitalsvpgarzon.gov.co\/index.php\/en-linea\/siau_sistema-informacion-atencion-al-usuario\/mecanismos-atencion-al-ciudadano\/\" \/>\n<meta property=\"og:locale\" content=\"es_ES\" \/>\n<meta property=\"og:type\" content=\"article\" \/>\n<meta property=\"og:title\" content=\"Mecanismos Atenci\u00f3n al Ciudadano - San Vicente de Paul\" \/>\n<meta property=\"og:url\" content=\"https:\/\/hospitalsvpgarzon.gov.co\/index.php\/en-linea\/siau_sistema-informacion-atencion-al-usuario\/mecanismos-atencion-al-ciudadano\/\" \/>\n<meta property=\"og:site_name\" content=\"San Vicente de Paul\" \/>\n<meta property=\"article:modified_time\" content=\"2025-11-14T16:18:19+00:00\" \/>\n<meta name=\"twitter:card\" content=\"summary_large_image\" \/>\n<meta name=\"twitter:label1\" content=\"Tiempo de lectura\" \/>\n\t<meta name=\"twitter:data1\" content=\"3 minutos\" \/>\n<script type=\"application\/ld+json\" class=\"yoast-schema-graph\">{\"@context\":\"https:\/\/schema.org\",\"@graph\":[{\"@type\":\"WebPage\",\"@id\":\"https:\/\/hospitalsvpgarzon.gov.co\/index.php\/en-linea\/siau_sistema-informacion-atencion-al-usuario\/mecanismos-atencion-al-ciudadano\/\",\"url\":\"https:\/\/hospitalsvpgarzon.gov.co\/index.php\/en-linea\/siau_sistema-informacion-atencion-al-usuario\/mecanismos-atencion-al-ciudadano\/\",\"name\":\"Mecanismos Atenci\u00f3n al Ciudadano - San Vicente de Paul\",\"isPartOf\":{\"@id\":\"https:\/\/hospitalsvpgarzon.gov.co\/#website\"},\"datePublished\":\"2024-11-24T16:39:54+00:00\",\"dateModified\":\"2025-11-14T16:18:19+00:00\",\"breadcrumb\":{\"@id\":\"https:\/\/hospitalsvpgarzon.gov.co\/index.php\/en-linea\/siau_sistema-informacion-atencion-al-usuario\/mecanismos-atencion-al-ciudadano\/#breadcrumb\"},\"inLanguage\":\"es\",\"potentialAction\":[{\"@type\":\"ReadAction\",\"target\":[\"https:\/\/hospitalsvpgarzon.gov.co\/index.php\/en-linea\/siau_sistema-informacion-atencion-al-usuario\/mecanismos-atencion-al-ciudadano\/\"]}]},{\"@type\":\"BreadcrumbList\",\"@id\":\"https:\/\/hospitalsvpgarzon.gov.co\/index.php\/en-linea\/siau_sistema-informacion-atencion-al-usuario\/mecanismos-atencion-al-ciudadano\/#breadcrumb\",\"itemListElement\":[{\"@type\":\"ListItem\",\"position\":1,\"name\":\"Portada\",\"item\":\"https:\/\/hospitalsvpgarzon.gov.co\/\"},{\"@type\":\"ListItem\",\"position\":2,\"name\":\"En linea\",\"item\":\"https:\/\/hospitalsvpgarzon.gov.co\/index.php\/en-linea\/\"},{\"@type\":\"ListItem\",\"position\":3,\"name\":\"Sistema Informaci\u00f3n Atenci\u00f3n al Usuario\",\"item\":\"https:\/\/hospitalsvpgarzon.gov.co\/index.php\/en-linea\/siau_sistema-informacion-atencion-al-usuario\/\"},{\"@type\":\"ListItem\",\"position\":4,\"name\":\"Mecanismos Atenci\u00f3n al Ciudadano\"}]},{\"@type\":\"WebSite\",\"@id\":\"https:\/\/hospitalsvpgarzon.gov.co\/#website\",\"url\":\"https:\/\/hospitalsvpgarzon.gov.co\/\",\"name\":\"San Vicente de Paul\",\"description\":\"\",\"potentialAction\":[{\"@type\":\"SearchAction\",\"target\":{\"@type\":\"EntryPoint\",\"urlTemplate\":\"https:\/\/hospitalsvpgarzon.gov.co\/?s={search_term_string}\"},\"query-input\":{\"@type\":\"PropertyValueSpecification\",\"valueRequired\":true,\"valueName\":\"search_term_string\"}}],\"inLanguage\":\"es\"}]}<\/script>\n<!-- \/ Yoast SEO plugin. -->","yoast_head_json":{"title":"Mecanismos Atenci\u00f3n al Ciudadano - San Vicente de Paul","robots":{"index":"index","follow":"follow","max-snippet":"max-snippet:-1","max-image-preview":"max-image-preview:large","max-video-preview":"max-video-preview:-1"},"canonical":"https:\/\/hospitalsvpgarzon.gov.co\/index.php\/en-linea\/siau_sistema-informacion-atencion-al-usuario\/mecanismos-atencion-al-ciudadano\/","og_locale":"es_ES","og_type":"article","og_title":"Mecanismos Atenci\u00f3n al Ciudadano - San Vicente de Paul","og_url":"https:\/\/hospitalsvpgarzon.gov.co\/index.php\/en-linea\/siau_sistema-informacion-atencion-al-usuario\/mecanismos-atencion-al-ciudadano\/","og_site_name":"San Vicente de Paul","article_modified_time":"2025-11-14T16:18:19+00:00","twitter_card":"summary_large_image","twitter_misc":{"Tiempo de lectura":"3 minutos"},"schema":{"@context":"https:\/\/schema.org","@graph":[{"@type":"WebPage","@id":"https:\/\/hospitalsvpgarzon.gov.co\/index.php\/en-linea\/siau_sistema-informacion-atencion-al-usuario\/mecanismos-atencion-al-ciudadano\/","url":"https:\/\/hospitalsvpgarzon.gov.co\/index.php\/en-linea\/siau_sistema-informacion-atencion-al-usuario\/mecanismos-atencion-al-ciudadano\/","name":"Mecanismos Atenci\u00f3n al Ciudadano - San Vicente de Paul","isPartOf":{"@id":"https:\/\/hospitalsvpgarzon.gov.co\/#website"},"datePublished":"2024-11-24T16:39:54+00:00","dateModified":"2025-11-14T16:18:19+00:00","breadcrumb":{"@id":"https:\/\/hospitalsvpgarzon.gov.co\/index.php\/en-linea\/siau_sistema-informacion-atencion-al-usuario\/mecanismos-atencion-al-ciudadano\/#breadcrumb"},"inLanguage":"es","potentialAction":[{"@type":"ReadAction","target":["https:\/\/hospitalsvpgarzon.gov.co\/index.php\/en-linea\/siau_sistema-informacion-atencion-al-usuario\/mecanismos-atencion-al-ciudadano\/"]}]},{"@type":"BreadcrumbList","@id":"https:\/\/hospitalsvpgarzon.gov.co\/index.php\/en-linea\/siau_sistema-informacion-atencion-al-usuario\/mecanismos-atencion-al-ciudadano\/#breadcrumb","itemListElement":[{"@type":"ListItem","position":1,"name":"Portada","item":"https:\/\/hospitalsvpgarzon.gov.co\/"},{"@type":"ListItem","position":2,"name":"En linea","item":"https:\/\/hospitalsvpgarzon.gov.co\/index.php\/en-linea\/"},{"@type":"ListItem","position":3,"name":"Sistema Informaci\u00f3n Atenci\u00f3n al Usuario","item":"https:\/\/hospitalsvpgarzon.gov.co\/index.php\/en-linea\/siau_sistema-informacion-atencion-al-usuario\/"},{"@type":"ListItem","position":4,"name":"Mecanismos Atenci\u00f3n al Ciudadano"}]},{"@type":"WebSite","@id":"https:\/\/hospitalsvpgarzon.gov.co\/#website","url":"https:\/\/hospitalsvpgarzon.gov.co\/","name":"San Vicente de Paul","description":"","potentialAction":[{"@type":"SearchAction","target":{"@type":"EntryPoint","urlTemplate":"https:\/\/hospitalsvpgarzon.gov.co\/?s={search_term_string}"},"query-input":{"@type":"PropertyValueSpecification","valueRequired":true,"valueName":"search_term_string"}}],"inLanguage":"es"}]}},"_links":{"self":[{"href":"https:\/\/hospitalsvpgarzon.gov.co\/index.php\/wp-json\/wp\/v2\/pages\/148","targetHints":{"allow":["GET"]}}],"collection":[{"href":"https:\/\/hospitalsvpgarzon.gov.co\/index.php\/wp-json\/wp\/v2\/pages"}],"about":[{"href":"https:\/\/hospitalsvpgarzon.gov.co\/index.php\/wp-json\/wp\/v2\/types\/page"}],"author":[{"embeddable":true,"href":"https:\/\/hospitalsvpgarzon.gov.co\/index.php\/wp-json\/wp\/v2\/users\/1"}],"replies":[{"embeddable":true,"href":"https:\/\/hospitalsvpgarzon.gov.co\/index.php\/wp-json\/wp\/v2\/comments?post=148"}],"version-history":[{"count":2,"href":"https:\/\/hospitalsvpgarzon.gov.co\/index.php\/wp-json\/wp\/v2\/pages\/148\/revisions"}],"predecessor-version":[{"id":4021,"href":"https:\/\/hospitalsvpgarzon.gov.co\/index.php\/wp-json\/wp\/v2\/pages\/148\/revisions\/4021"}],"up":[{"embeddable":true,"href":"https:\/\/hospitalsvpgarzon.gov.co\/index.php\/wp-json\/wp\/v2\/pages\/1566"}],"wp:attachment":[{"href":"https:\/\/hospitalsvpgarzon.gov.co\/index.php\/wp-json\/wp\/v2\/media?parent=148"}],"curies":[{"name":"wp","href":"https:\/\/api.w.org\/{rel}","templated":true}]}}