{"id":1198,"date":"2024-12-14T16:33:24","date_gmt":"2024-12-14T16:33:24","guid":{"rendered":"https:\/\/portal.hospitalsvpgarzon.gov.co\/?page_id=1198"},"modified":"2026-01-06T10:38:20","modified_gmt":"2026-01-06T15:38:20","slug":"entidades-de-control","status":"publish","type":"page","link":"https:\/\/hospitalsvpgarzon.gov.co\/index.php\/participa\/rendicion-de-cuentas\/entidades-de-control\/","title":{"rendered":"Entidades de Control"},"content":{"rendered":"<div class=\"fusion-fullwidth fullwidth-box fusion-builder-row-1 fusion-flex-container has-pattern-background has-mask-background nonhundred-percent-fullwidth non-hundred-percent-height-scrolling\" style=\"--awb-border-radius-top-left:0px;--awb-border-radius-top-right:0px;--awb-border-radius-bottom-right:0px;--awb-border-radius-bottom-left:0px;--awb-flex-wrap:wrap;\" ><div class=\"fusion-builder-row fusion-row fusion-flex-align-items-flex-start fusion-flex-content-wrap\" style=\"max-width:89.44%;margin-left: calc(-4% \/ 2 );margin-right: calc(-4% \/ 2 );\"><div class=\"fusion-layout-column fusion_builder_column fusion-builder-column-0 fusion_builder_column_1_1 1_1 fusion-flex-column\" style=\"--awb-bg-size:cover;--awb-width-large:100%;--awb-margin-top-large:0px;--awb-spacing-right-large:1.92%;--awb-margin-bottom-large:20px;--awb-spacing-left-large:1.92%;--awb-width-medium:100%;--awb-order-medium:0;--awb-spacing-right-medium:1.92%;--awb-spacing-left-medium:1.92%;--awb-width-small:100%;--awb-order-small:0;--awb-spacing-right-small:1.92%;--awb-spacing-left-small:1.92%;\"><div class=\"fusion-column-wrapper fusion-column-has-shadow fusion-flex-justify-content-flex-start fusion-content-layout-column\"><div class=\"fusion-text fusion-text-1\"><h3 style=\"text-align: center;\">ENTES DE CONTROL QUE VIGILAN A LA ENTIDAD Y MECANISMOS DE SUPERVISI\u00d3N<\/h3>\n<p style=\"font-weight: 400;\"><strong>Procuradur\u00eda General de la Naci\u00f3n<\/strong><\/p>\n<table width=\"95%\">\n<tbody>\n<tr>\n<td width=\"220\"><img decoding=\"async\" class=\"lazyload alignnone\" src=\"data:image\/svg+xml,%3Csvg%20xmlns%3D%27http%3A%2F%2Fwww.w3.org%2F2000%2Fsvg%27%20width%3D%2794%27%20height%3D%2724%27%20viewBox%3D%270%200%2094%2024%27%3E%3Crect%20width%3D%2794%27%20height%3D%2724%27%20fill-opacity%3D%220%22%2F%3E%3C%2Fsvg%3E\" data-orig-src=\"https:\/\/hospitalsvpgarzon.gov.co\/images\/NUEVA%20IMAGEN\/procuraduria.png\" alt=\"controlaria\" width=\"94\" height=\"24\"><\/td>\n<td>\n<p>Carrera 5\u00aa nro. 15 \u2013 60 (Bogot\u00e1)<\/p>\n<p>L\u00ednea gratuita para todo el pa\u00eds: 01 8000 940 808<\/p>\n<p>PBX: +57 1 587 8750<\/p>\n<p>e-mail:<\/p>\n<p>Horario:&nbsp; lunes a viernes de 8 a.m. a 5:00pm. jornada continua.<\/p>\n<p>Enlace al sitio web:&nbsp;<a href=\"https:\/\/www.procuraduria.gov.co\/Pages\/Inicio.aspx\">https:\/\/www.procuraduria.gov.co\/<\/a><\/p>\n<p>La Procuradur\u00eda General de la Naci\u00f3n, es la Entidad que representa a los ciudadanos ante el Estado.<\/p>\n<p>Es el m\u00e1ximo organismo del Ministerio P\u00fablico, conformado adem\u00e1s por la Defensor\u00eda del Pueblo y la Personer\u00eda.<\/p>\n<p>Centro de Atenci\u00f3n al P\u00fablico (CAP):<\/p>\n<p><strong>Tipo de control:<\/strong>&nbsp;Disciplinario<\/p>\n<\/td>\n<\/tr>\n<\/tbody>\n<\/table>\n<p><strong>Contralor\u00eda General de la Rep\u00fablica<\/strong><\/p>\n<table width=\"95%\">\n<tbody>\n<tr>\n<td width=\"220\"><img decoding=\"async\" class=\"lazyload alignnone\" src=\"data:image\/svg+xml,%3Csvg%20xmlns%3D%27http%3A%2F%2Fwww.w3.org%2F2000%2Fsvg%27%20width%3D%2794%27%20height%3D%2724%27%20viewBox%3D%270%200%2094%2024%27%3E%3Crect%20width%3D%2794%27%20height%3D%2724%27%20fill-opacity%3D%220%22%2F%3E%3C%2Fsvg%3E\" data-orig-src=\"https:\/\/hospitalsvpgarzon.gov.co\/images\/NUEVA%20IMAGEN\/logoContraloria.png\" alt=\"controlaria\" width=\"94\" height=\"24\"><\/td>\n<td>\n<p>Direcci\u00f3n: Carrera 10 # 17-80 Bogot\u00e1<\/p>\n<p>Horario de atenci\u00f3n: 8:30 a.m. a 4:30 p.m. Recibo de correspondencia: Carrera 10# 19-64. 2 piso Bogot\u00e1.<\/p>\n<p>PBX: (091) 3537700. L\u00ednea de atenci\u00f3n al usuario: 018000910060.<\/p>\n<p>e-mail:&nbsp;<a href=\"mailto:cgr@contraloria.gov.co\">cgr@contraloria.gov.co<\/a><\/p>\n<p>Enlace al sitio web:&nbsp;<a href=\"https:\/\/www.contraloria.gov.co\/\">https:\/\/www.contraloria.gov.co\/<\/a><\/p>\n<p>La Contralor\u00eda General de la Rep\u00fablica (CGR) es el m\u00e1ximo \u00f3rgano de control fiscal del Estado. Como tal, tiene la misi\u00f3n de procurar el buen uso de los recursos y bienes p\u00fablicos y contribuir a la modernizaci\u00f3n del Estado, mediante acciones de mejoramiento continuo en las distintas entidades p\u00fablicas.<\/p>\n<p><strong>Tipo de control:<\/strong>&nbsp;Fiscal<\/p>\n<\/td>\n<\/tr>\n<\/tbody>\n<\/table>\n<p><strong>Contralor\u00eda Departamental del Huila<\/strong><\/p>\n<table width=\"95%\">\n<tbody>\n<tr>\n<td width=\"220\"><img decoding=\"async\" class=\"lazyload alignnone\" src=\"data:image\/svg+xml,%3Csvg%20xmlns%3D%27http%3A%2F%2Fwww.w3.org%2F2000%2Fsvg%27%20width%3D%2794%27%20height%3D%2724%27%20viewBox%3D%270%200%2094%2024%27%3E%3Crect%20width%3D%2794%27%20height%3D%2724%27%20fill-opacity%3D%220%22%2F%3E%3C%2Fsvg%3E\" data-orig-src=\"https:\/\/hospitalsvpgarzon.gov.co\/images\/NUEVA%20IMAGEN\/controloria_departamental.png\" alt=\"controlaria\" width=\"94\" height=\"24\"><\/td>\n<td>\n<p>Calle 8 Cr 4 Esquina \u2013 Parque Santander. Neiva-Huila<\/p>\n<p>Horario Laboral: lunes a viernes de 7:00 AM a 12:00 AM y de 2:00 PM a 6:00 PM.<\/p>\n<p>PBX (578)867 1300 Telefax (578) 871 31 14<\/p>\n<p>e-mail:&nbsp;<a href=\"mailto:info@contraloriahuila.gov.co\">info@contraloriahuila.gov.co<\/a><\/p>\n<p>Enlace al sitio web:&nbsp;<a href=\"https:\/\/www.contraloriahuila.gov.co\/\">https:\/\/www.contraloriahuila.gov.co\/<\/a><\/p>\n<p>Es un \u00f3rgano de control del Estado de car\u00e1cter t\u00e9cnico, con autonom\u00eda administrativa y presupuestal, encargado de ejercer, en representaci\u00f3n de la comunidad, el control fiscal a la administraci\u00f3n y a los particulares que manejen fondos o bienes de la Naci\u00f3n.<\/p>\n<p><strong>Tipo de control:<\/strong>&nbsp;Fiscal<\/p>\n<\/td>\n<\/tr>\n<\/tbody>\n<\/table>\n<p><strong>Superintendencia Nacional de Salud<\/strong><\/p>\n<table width=\"95%\">\n<tbody>\n<tr>\n<td width=\"220\"><img decoding=\"async\" class=\"lazyload alignnone\" src=\"data:image\/svg+xml,%3Csvg%20xmlns%3D%27http%3A%2F%2Fwww.w3.org%2F2000%2Fsvg%27%20width%3D%27101%27%20height%3D%2724%27%20viewBox%3D%270%200%20101%2024%27%3E%3Crect%20width%3D%27101%27%20height%3D%2724%27%20fill-opacity%3D%220%22%2F%3E%3C%2Fsvg%3E\" data-orig-src=\"https:\/\/hospitalsvpgarzon.gov.co\/images\/NUEVA%20IMAGEN\/supersalud.jpg\" alt=\"Super Salud\" width=\"101\" height=\"24\"><\/td>\n<td>\n<p>Sede Administrativa &#8211; Carrera 68A N\u00b0. 24B &#8211; 10, Torre 3, Piso 4, 9 y 10<\/p>\n<p>Edificio Plaza Claro, Bogot\u00e1 D.C.<\/p>\n<p>Centro de atenci\u00f3n al ciudadano<\/p>\n<p>Carrera 13 N.\u00ba 28-08, locales 21 y 22, Bogot\u00e1 D.C.<\/p>\n<p>Recibo de correspondencia<\/p>\n<p>Carrera 68A N.\u00ba 24B &#8211; 10, Torre 3, piso 4<\/p>\n<p>Edificio Plaza Claro, Bogot\u00e1 D.C.<\/p>\n<p>PBX: +57 601 744 2000 | L\u00ednea Gratuita Nacional: 01 8000 513 700 | Fax: +57 601 744 2000 opci\u00f3n 4<\/p>\n<p>e-mail:&nbsp;<a href=\"mailto:correointernosns@supersalud.gov.co\">correointernosns@supersalud.gov.co<\/a><\/p>\n<p>Enlace al sitio web:&nbsp;<a href=\"https:\/\/www.supersalud.gov.co\/es-co\">https:\/\/www.supersalud.gov.co\/es-co<\/a><\/p>\n<p>La Superintendencia Nacional de Salud tiene como prioridad proteger los derechos de los usuarios en salud mediante mecanismos de inspecci\u00f3n, vigilancia y control transparentes y oportunos.<\/p>\n<p>Horarios de Atenci\u00f3n de Lunes a Viernes<\/p>\n<p>Jornada Continua \u2013 Atenci\u00f3n al Usuario 08:00 AM a 04:00 PM<\/p>\n<p><strong>Tipo de control:&nbsp;<\/strong>Regulatorio<\/p>\n<\/td>\n<\/tr>\n<\/tbody>\n<\/table>\n<p style=\"font-weight: 400;\"><strong>Ministerio de Salud y Protecci\u00f3n Social<\/strong><\/p>\n<table width=\"95%\">\n<tbody>\n<tr>\n<td width=\"220\"><img decoding=\"async\" class=\"lazyload alignnone\" src=\"data:image\/svg+xml,%3Csvg%20xmlns%3D%27http%3A%2F%2Fwww.w3.org%2F2000%2Fsvg%27%20width%3D%2778%27%20height%3D%2748%27%20viewBox%3D%270%200%2078%2048%27%3E%3Crect%20width%3D%2778%27%20height%3D%2748%27%20fill-opacity%3D%220%22%2F%3E%3C%2Fsvg%3E\" data-orig-src=\"https:\/\/hospitalsvpgarzon.gov.co\/images\/NUEVA%20IMAGEN\/logoMinsalud.jpeg\" alt=\"ministario\" width=\"78\" height=\"48\"><\/td>\n<td>\n<p>Carrera 13 No. 32-76 piso 1, Bogot\u00e1,C\u00f3digo postal 110311<\/p>\n<p>Horario: lunes a viernes de 8:00 a.m. a 4:00 p.m. en jornada continua.<\/p>\n<p>Conmutador: 601 330 5000<\/p>\n<p>Central de fax: 601 330 5050<\/p>\n<p>e-mail:&nbsp;<a href=\"mailto:correo@minsalud.gov.co\">correo@minsalud.gov.co<\/a><\/p>\n<p>Enlace al sitio web:&nbsp;<a href=\"https:\/\/www.minsalud.gov.co\/Portada2021\/index.html\">https:\/\/www.minsalud.gov.co\/Portada2021\/index.html<\/a><\/p>\n<p>El Ministerio de salud a la Salud P\u00fablica Social es uno de los diecis\u00e9is ministerios del poder ejecutivo de Colombia Es un ente regulador que determina normas y directrices en materia de temas de salud p\u00fablica, asistencia social, poblaci\u00f3n en riesgo y pobreza.<\/p>\n<p><strong>Tipo de control:&nbsp;<\/strong>Regulario, vigilancia y control<\/p>\n<\/td>\n<\/tr>\n<\/tbody>\n<\/table>\n<p style=\"font-weight: 400;\"><strong>Secretar\u00eda de Salud Departamental del Huila<\/strong><\/p>\n<table width=\"95%\">\n<tbody>\n<tr>\n<td width=\"220\"><img decoding=\"async\" class=\"lazyload alignnone\" src=\"data:image\/svg+xml,%3Csvg%20xmlns%3D%27http%3A%2F%2Fwww.w3.org%2F2000%2Fsvg%27%20width%3D%27150%27%20height%3D%2724%27%20viewBox%3D%270%200%20150%2024%27%3E%3Crect%20width%3D%27150%27%20height%3D%2724%27%20fill-opacity%3D%220%22%2F%3E%3C%2Fsvg%3E\" data-orig-src=\"https:\/\/hospitalsvpgarzon.gov.co\/images\/NUEVA%20IMAGEN\/logoSecretariaSaludHuila.png\" alt=\"Secretaria de salud\" width=\"150\" height=\"24\"><\/td>\n<td>\n<p>Carrera 20#5B-36 Neiva-Huila<br \/>PBX: (57 + 8) 8671300- 8701983<\/p>\n<p>Correo:&nbsp;<a href=\"mailto:secretario.salud@huila.gov.co\">secretario.salud@huila.gov.co<\/a><\/p>\n<p>Enlace al sitio web:&nbsp;<a href=\"https:\/\/www.huila.gov.co\/salud\/\">https:\/\/www.huila.gov.co\/salud\/<\/a><\/p>\n<p>La Secretaria Departamental de salud Dirige, coordina, eval\u00faa y controla el Sistema General de Seguridad Social en Salud en el Departamento, para garantizar de manera efectiva el derecho de los habitantes a la seguridad social en salud e impulsar la obtenci\u00f3n de un mejor nivel de bienestar y progreso integral a la poblaci\u00f3n huilense.<\/p>\n<p><strong>Tipo de control:&nbsp;<\/strong>Regulario, vigilancia y control<\/p>\n<\/td>\n<\/tr>\n<\/tbody>\n<\/table>\n<p style=\"font-weight: 400;\"><strong>Contadur\u00eda General de la Naci\u00f3n<\/strong><\/p>\n<table width=\"95%\">\n<tbody>\n<tr>\n<td width=\"220\"><img class=\"lazyload\" decoding=\"async\" src=\"data:image\/gif;base64,R0lGODlhAQABAAAAACH5BAEKAAEALAAAAAABAAEAAAICTAEAOw==\" data-orig-src=\"https:\/\/hospitalsvpgarzon.gov.co\/images\/NUEVA%20IMAGEN\/logoContaduriaGeneral.png\" alt=\"Secretaria de salud\"><\/td>\n<td>\n<p>Direcci\u00f3n: Calle 26 No 69 &#8211; 76, Edificio Elemento Torre 1 (Aire) &#8211; Piso 15, Bogot\u00e1 D.C., Colombia C\u00f3digo Postal: 111071<\/p>\n<p>Tel\u00e9fono Conmutador: +57(601) 492 64 00<\/p>\n<p>Correo Institucional:&nbsp;<a href=\"mailto:contactenos@contaduria.gov.co\">contactenos@contaduria.gov.co<\/a><\/p>\n<p>Enlace al sitio web:&nbsp;<a href=\"https:\/\/www.contaduria.gov.co\/\">https:\/\/www.contaduria.gov.co\/<\/a><\/p>\n<p>La CGN determina, entre otras, las pol\u00edticas, principios y normas sobre contabilidad que deben regir para todo el sector p\u00fablico.<\/p>\n<p><strong>Tipo de control:<\/strong>&nbsp;Regulatorio &#8211; Control Contable<\/p>\n<\/td>\n<\/tr>\n<\/tbody>\n<\/table>\n<p style=\"font-weight: 400;\"><strong>Fiscal\u00eda General de la Naci\u00f3n<\/strong><\/p>\n<table width=\"95%\">\n<tbody>\n<tr>\n<td width=\"220\"><img class=\"lazyload\" decoding=\"async\" src=\"data:image\/gif;base64,R0lGODlhAQABAAAAACH5BAEKAAEALAAAAAABAAEAAAICTAEAOw==\" data-orig-src=\"https:\/\/hospitalsvpgarzon.gov.co\/images\/NUEVA%20IMAGEN\/LogoFiscalia.jpg\" alt=\"Secretaria de salud\"><\/td>\n<td>\n<p>Nivel Central &#8211; Avenida Calle 24 No. 52 \u2013 01Ciudad Salitre, Bogot\u00e1, D.C.<\/p>\n<p>Tel\u00e9fono: 60 (1) 570 20 00 &#8211; L\u00ednea nacional gratuita (01 8000 9197 48)desde su celular marque gratis al 122.<\/p>\n<p>Correo:&nbsp;<a href=\"mailto:ges.documentalpqrs@fiscalia.gov.co\">ges.documentalpqrs@fiscalia.gov.co<\/a><\/p>\n<p>Enlace al sitio:&nbsp;<a href=\"https:\/\/www.fiscalia.gov.co\/colombia\/\">https:\/\/www.fiscalia.gov.co\/colombia\/<\/a><\/p>\n<p>Fiscal\u00eda General de la Naci\u00f3n (FGN) es un organismo independiente adscrito al poder judicial en Colombia<\/p>\n<p><strong>Tipo de control:<\/strong>&nbsp;Judicial, Fiscal<\/p>\n<\/td>\n<\/tr>\n<\/tbody>\n<\/table>\n<p style=\"font-weight: 400;\"><strong>DIAN<\/strong><\/p>\n<table width=\"95%\">\n<tbody>\n<tr>\n<td width=\"220\"><img class=\"lazyload\" decoding=\"async\" src=\"data:image\/gif;base64,R0lGODlhAQABAAAAACH5BAEKAAEALAAAAAABAAEAAAICTAEAOw==\" data-orig-src=\"https:\/\/hospitalsvpgarzon.gov.co\/images\/NUEVA%20IMAGEN\/logoDian.png\" alt=\"Secretaria de salud\"><\/td>\n<td>\n<p>Direcci\u00f3n: Sede principal | Bogot\u00e1, Nivel Central, carrera 8 N\u00ba 6C &#8211; 38 Edificio San Agust\u00edn &#8211; C\u00f3digo Postal: 111711<\/p>\n<p>57 601 307 8064 L\u00ednea de Contact Center atenci\u00f3n de Impuestos<\/p>\n<p>57 601 307 8065 L\u00ednea de Contact Center atenci\u00f3n de Aduanas<\/p>\n<p>Nivel central: PBX 601 7428973 \/ (+57) 310 3158107 &#8211; Contact Center: 057(1) 3556922<\/p>\n<p>Enlace al sitio web:&nbsp;<a href=\"https:\/\/www.dian.gov.co\/\">https:\/\/www.dian.gov.co\/<\/a><\/p>\n<p>La Unidad Administrativa Especial Direcci\u00f3n de Impuestos y Aduanas Nacionales (conocida como DIAN son sus siglas) es una unidad administrativa especial (UAE) del estado colombiano; Es una entidad gubernamental t\u00e9cnica y especializada de car\u00e1cter nacional que goza de personer\u00eda jur\u00eddica propia, autonom\u00eda presupuestal y administrativa, adscrita al Ministerio de Hacienda y Cr\u00e9dito P\u00fablico.<\/p>\n<p><strong>Tipo de control:<\/strong>&nbsp;Regulatorio &#8211; Tributario<\/p>\n<\/td>\n<\/tr>\n<\/tbody>\n<\/table>\n<p style=\"font-weight: 400;\"><strong>Ministerios de las TIC&#8217;S<\/strong><\/p>\n<table width=\"95%\">\n<tbody>\n<tr>\n<td width=\"220\"><img class=\"lazyload\" decoding=\"async\" src=\"data:image\/gif;base64,R0lGODlhAQABAAAAACH5BAEKAAEALAAAAAABAAEAAAICTAEAOw==\" data-orig-src=\"https:\/\/hospitalsvpgarzon.gov.co\/images\/NUEVA%20IMAGEN\/logoMinTIC.png\" alt=\"Secretaria de salud\"><\/td>\n<td>\n<p>Edificio Murillo Toro Cra. 8a entre calles 12A y 12B Bogot\u00e1, Colombia &#8211; C\u00f3digo Postal 111711<\/p>\n<p>Tel\u00e9fono Conmutador: +57 601 344 34 60 &#8211; L\u00ednea Gratuita: 01-800-0914014<\/p>\n<p>Correo:&nbsp;<a href=\"mailto:minticresponde@mintic.gov.co\">minticresponde@mintic.gov.co<\/a><\/p>\n<p>Enlace sitio web:&nbsp;<a href=\"https:\/\/www.mintic.gov.co\/portal\/inicio\/\">https:\/\/www.mintic.gov.co\/portal\/inicio\/<\/a><\/p>\n<p>El Ministerio de Tecnolog\u00edas de la Informaci\u00f3n y las Comunicaciones (MINTIC) es un ministerio de Colombia encargado de las tecnolog\u00edas de la informaci\u00f3n y la comunicaci\u00f3n.<\/p>\n<p><strong>Tipo de control:<\/strong>&nbsp;Regulatorio<\/p>\n<\/td>\n<\/tr>\n<\/tbody>\n<\/table>\n<p style=\"font-weight: 400;\"><strong>INVIMA<\/strong><\/p>\n<table width=\"95%\">\n<tbody>\n<tr>\n<td width=\"220\"><img class=\"lazyload\" decoding=\"async\" src=\"data:image\/gif;base64,R0lGODlhAQABAAAAACH5BAEKAAEALAAAAAABAAEAAAICTAEAOw==\" data-orig-src=\"https:\/\/hospitalsvpgarzon.gov.co\/images\/NUEVA%20IMAGEN\/Invima.png\" alt=\"Secretaria de salud\"><\/td>\n<td>\n<p>Carrera 10 # 64-28 Bogot\u00e1, Colombia<\/p>\n<p>Tel\u00e9fono conmutador: (+57) (601) 7422121<\/p>\n<p>Correo:&nbsp;<a href=\"mailto:soytransparente@invima.gov.co\">soytransparente@invima.gov.co<\/a><\/p>\n<p>Enlace al sitio:&nbsp;<a href=\"https:\/\/www.invima.gov.co\/\">https:\/\/www.invima.gov.co\/<\/a><\/p>\n<p>El INVIMA cumple funciones de vigilancia y control sobre medicamentos, alimentos y otros productos presentes en nuestro diario vivir. Conoce cu\u00e1les son esas labores y c\u00f3mo afectan nuestra cotidianidad.<\/p>\n<p><strong>Tipo de control:<\/strong>&nbsp;Regulario, vigilancia y control<\/p>\n<\/td>\n<\/tr>\n<\/tbody>\n<\/table>\n<ul style=\"font-weight: 400;\">\n<li>Control que se ejecuta al interior y exterior (fiscal, social, pol\u00edtico, etc.)&nbsp;<a href=\"https:\/\/hospitalsvpgarzon.gov.co\/wp-content\/uploads\/2024\/12\/2_Mecanismos_internos_externos_supervision.pdf\" target=\"_blank\" rel=\"noopener\">Descargar Archivo Aqu\u00ed<\/a><\/li>\n<li>Mecanismos internos y externos de supervisi\u00f3n, notificaci\u00f3n y vigilancia pertinente al sujeto obligado.&nbsp;<a href=\"https:\/\/hospitalsvpgarzon.gov.co\/wp-content\/uploads\/2024\/12\/3_control_que_ejecuta_al_interior_exterior.pdf\" target=\"_blank\" rel=\"noopener\">Descargar Archivo Aqu\u00ed<\/a><\/li>\n<\/ul>\n<p><img decoding=\"async\" class=\"lazyload aligncenter\" src=\"data:image\/svg+xml,%3Csvg%20xmlns%3D%27http%3A%2F%2Fwww.w3.org%2F2000%2Fsvg%27%20width%3D%27256%27%20height%3D%27387%27%20viewBox%3D%270%200%20256%20387%27%3E%3Crect%20width%3D%27256%27%20height%3D%27387%27%20fill-opacity%3D%220%22%2F%3E%3C%2Fsvg%3E\" data-orig-src=\"https:\/\/hospitalsvpgarzon.gov.co\/images\/NUEVA%20IMAGEN\/AVATAR_4.jpeg\" alt=\"\" width=\"256\" height=\"387\" data-wp-editing=\"1\"><\/p>\n<\/div><\/div><\/div><\/div><\/div>\n","protected":false},"excerpt":{"rendered":"","protected":false},"author":1,"featured_media":0,"parent":383,"menu_order":0,"comment_status":"closed","ping_status":"closed","template":"100-width.php","meta":{"footnotes":""},"class_list":["post-1198","page","type-page","status-publish","hentry"],"yoast_head":"<!-- This site is optimized with the Yoast SEO plugin v26.6 - https:\/\/yoast.com\/wordpress\/plugins\/seo\/ -->\n<title>Entidades de Control - San Vicente de Paul<\/title>\n<meta name=\"robots\" content=\"index, follow, max-snippet:-1, max-image-preview:large, max-video-preview:-1\" \/>\n<link rel=\"canonical\" href=\"https:\/\/hospitalsvpgarzon.gov.co\/index.php\/participa\/rendicion-de-cuentas\/entidades-de-control\/\" \/>\n<meta property=\"og:locale\" content=\"es_ES\" \/>\n<meta property=\"og:type\" content=\"article\" \/>\n<meta property=\"og:title\" content=\"Entidades de Control - San Vicente de Paul\" \/>\n<meta property=\"og:url\" content=\"https:\/\/hospitalsvpgarzon.gov.co\/index.php\/participa\/rendicion-de-cuentas\/entidades-de-control\/\" \/>\n<meta property=\"og:site_name\" content=\"San Vicente de Paul\" \/>\n<meta property=\"article:modified_time\" content=\"2026-01-06T15:38:20+00:00\" \/>\n<meta property=\"og:image\" content=\"https:\/\/hospitalsvpgarzon.gov.co\/images\/NUEVA%20IMAGEN\/procuraduria.png\" \/>\n<meta name=\"twitter:card\" content=\"summary_large_image\" \/>\n<meta name=\"twitter:label1\" content=\"Tiempo de lectura\" \/>\n\t<meta name=\"twitter:data1\" content=\"7 minutos\" \/>\n<script type=\"application\/ld+json\" class=\"yoast-schema-graph\">{\"@context\":\"https:\/\/schema.org\",\"@graph\":[{\"@type\":\"WebPage\",\"@id\":\"https:\/\/hospitalsvpgarzon.gov.co\/index.php\/participa\/rendicion-de-cuentas\/entidades-de-control\/\",\"url\":\"https:\/\/hospitalsvpgarzon.gov.co\/index.php\/participa\/rendicion-de-cuentas\/entidades-de-control\/\",\"name\":\"Entidades de Control - San Vicente de Paul\",\"isPartOf\":{\"@id\":\"https:\/\/hospitalsvpgarzon.gov.co\/#website\"},\"primaryImageOfPage\":{\"@id\":\"https:\/\/hospitalsvpgarzon.gov.co\/index.php\/participa\/rendicion-de-cuentas\/entidades-de-control\/#primaryimage\"},\"image\":{\"@id\":\"https:\/\/hospitalsvpgarzon.gov.co\/index.php\/participa\/rendicion-de-cuentas\/entidades-de-control\/#primaryimage\"},\"thumbnailUrl\":\"https:\/\/hospitalsvpgarzon.gov.co\/images\/NUEVA%20IMAGEN\/procuraduria.png\",\"datePublished\":\"2024-12-14T16:33:24+00:00\",\"dateModified\":\"2026-01-06T15:38:20+00:00\",\"breadcrumb\":{\"@id\":\"https:\/\/hospitalsvpgarzon.gov.co\/index.php\/participa\/rendicion-de-cuentas\/entidades-de-control\/#breadcrumb\"},\"inLanguage\":\"es\",\"potentialAction\":[{\"@type\":\"ReadAction\",\"target\":[\"https:\/\/hospitalsvpgarzon.gov.co\/index.php\/participa\/rendicion-de-cuentas\/entidades-de-control\/\"]}]},{\"@type\":\"ImageObject\",\"inLanguage\":\"es\",\"@id\":\"https:\/\/hospitalsvpgarzon.gov.co\/index.php\/participa\/rendicion-de-cuentas\/entidades-de-control\/#primaryimage\",\"url\":\"https:\/\/hospitalsvpgarzon.gov.co\/images\/NUEVA%20IMAGEN\/procuraduria.png\",\"contentUrl\":\"https:\/\/hospitalsvpgarzon.gov.co\/images\/NUEVA%20IMAGEN\/procuraduria.png\"},{\"@type\":\"BreadcrumbList\",\"@id\":\"https:\/\/hospitalsvpgarzon.gov.co\/index.php\/participa\/rendicion-de-cuentas\/entidades-de-control\/#breadcrumb\",\"itemListElement\":[{\"@type\":\"ListItem\",\"position\":1,\"name\":\"Portada\",\"item\":\"https:\/\/hospitalsvpgarzon.gov.co\/\"},{\"@type\":\"ListItem\",\"position\":2,\"name\":\"Participa\",\"item\":\"https:\/\/hospitalsvpgarzon.gov.co\/index.php\/participa\/\"},{\"@type\":\"ListItem\",\"position\":3,\"name\":\"Rendici\u00f3n de Cuentas\",\"item\":\"https:\/\/hospitalsvpgarzon.gov.co\/index.php\/participa\/rendicion-de-cuentas\/\"},{\"@type\":\"ListItem\",\"position\":4,\"name\":\"Entidades de Control\"}]},{\"@type\":\"WebSite\",\"@id\":\"https:\/\/hospitalsvpgarzon.gov.co\/#website\",\"url\":\"https:\/\/hospitalsvpgarzon.gov.co\/\",\"name\":\"San Vicente de Paul\",\"description\":\"\",\"potentialAction\":[{\"@type\":\"SearchAction\",\"target\":{\"@type\":\"EntryPoint\",\"urlTemplate\":\"https:\/\/hospitalsvpgarzon.gov.co\/?s={search_term_string}\"},\"query-input\":{\"@type\":\"PropertyValueSpecification\",\"valueRequired\":true,\"valueName\":\"search_term_string\"}}],\"inLanguage\":\"es\"}]}<\/script>\n<!-- \/ Yoast SEO plugin. -->","yoast_head_json":{"title":"Entidades de Control - San Vicente de Paul","robots":{"index":"index","follow":"follow","max-snippet":"max-snippet:-1","max-image-preview":"max-image-preview:large","max-video-preview":"max-video-preview:-1"},"canonical":"https:\/\/hospitalsvpgarzon.gov.co\/index.php\/participa\/rendicion-de-cuentas\/entidades-de-control\/","og_locale":"es_ES","og_type":"article","og_title":"Entidades de Control - San Vicente de Paul","og_url":"https:\/\/hospitalsvpgarzon.gov.co\/index.php\/participa\/rendicion-de-cuentas\/entidades-de-control\/","og_site_name":"San Vicente de Paul","article_modified_time":"2026-01-06T15:38:20+00:00","og_image":[{"url":"https:\/\/hospitalsvpgarzon.gov.co\/images\/NUEVA%20IMAGEN\/procuraduria.png","type":"","width":"","height":""}],"twitter_card":"summary_large_image","twitter_misc":{"Tiempo de lectura":"7 minutos"},"schema":{"@context":"https:\/\/schema.org","@graph":[{"@type":"WebPage","@id":"https:\/\/hospitalsvpgarzon.gov.co\/index.php\/participa\/rendicion-de-cuentas\/entidades-de-control\/","url":"https:\/\/hospitalsvpgarzon.gov.co\/index.php\/participa\/rendicion-de-cuentas\/entidades-de-control\/","name":"Entidades de Control - San Vicente de Paul","isPartOf":{"@id":"https:\/\/hospitalsvpgarzon.gov.co\/#website"},"primaryImageOfPage":{"@id":"https:\/\/hospitalsvpgarzon.gov.co\/index.php\/participa\/rendicion-de-cuentas\/entidades-de-control\/#primaryimage"},"image":{"@id":"https:\/\/hospitalsvpgarzon.gov.co\/index.php\/participa\/rendicion-de-cuentas\/entidades-de-control\/#primaryimage"},"thumbnailUrl":"https:\/\/hospitalsvpgarzon.gov.co\/images\/NUEVA%20IMAGEN\/procuraduria.png","datePublished":"2024-12-14T16:33:24+00:00","dateModified":"2026-01-06T15:38:20+00:00","breadcrumb":{"@id":"https:\/\/hospitalsvpgarzon.gov.co\/index.php\/participa\/rendicion-de-cuentas\/entidades-de-control\/#breadcrumb"},"inLanguage":"es","potentialAction":[{"@type":"ReadAction","target":["https:\/\/hospitalsvpgarzon.gov.co\/index.php\/participa\/rendicion-de-cuentas\/entidades-de-control\/"]}]},{"@type":"ImageObject","inLanguage":"es","@id":"https:\/\/hospitalsvpgarzon.gov.co\/index.php\/participa\/rendicion-de-cuentas\/entidades-de-control\/#primaryimage","url":"https:\/\/hospitalsvpgarzon.gov.co\/images\/NUEVA%20IMAGEN\/procuraduria.png","contentUrl":"https:\/\/hospitalsvpgarzon.gov.co\/images\/NUEVA%20IMAGEN\/procuraduria.png"},{"@type":"BreadcrumbList","@id":"https:\/\/hospitalsvpgarzon.gov.co\/index.php\/participa\/rendicion-de-cuentas\/entidades-de-control\/#breadcrumb","itemListElement":[{"@type":"ListItem","position":1,"name":"Portada","item":"https:\/\/hospitalsvpgarzon.gov.co\/"},{"@type":"ListItem","position":2,"name":"Participa","item":"https:\/\/hospitalsvpgarzon.gov.co\/index.php\/participa\/"},{"@type":"ListItem","position":3,"name":"Rendici\u00f3n de Cuentas","item":"https:\/\/hospitalsvpgarzon.gov.co\/index.php\/participa\/rendicion-de-cuentas\/"},{"@type":"ListItem","position":4,"name":"Entidades de Control"}]},{"@type":"WebSite","@id":"https:\/\/hospitalsvpgarzon.gov.co\/#website","url":"https:\/\/hospitalsvpgarzon.gov.co\/","name":"San Vicente de Paul","description":"","potentialAction":[{"@type":"SearchAction","target":{"@type":"EntryPoint","urlTemplate":"https:\/\/hospitalsvpgarzon.gov.co\/?s={search_term_string}"},"query-input":{"@type":"PropertyValueSpecification","valueRequired":true,"valueName":"search_term_string"}}],"inLanguage":"es"}]}},"_links":{"self":[{"href":"https:\/\/hospitalsvpgarzon.gov.co\/index.php\/wp-json\/wp\/v2\/pages\/1198","targetHints":{"allow":["GET"]}}],"collection":[{"href":"https:\/\/hospitalsvpgarzon.gov.co\/index.php\/wp-json\/wp\/v2\/pages"}],"about":[{"href":"https:\/\/hospitalsvpgarzon.gov.co\/index.php\/wp-json\/wp\/v2\/types\/page"}],"author":[{"embeddable":true,"href":"https:\/\/hospitalsvpgarzon.gov.co\/index.php\/wp-json\/wp\/v2\/users\/1"}],"replies":[{"embeddable":true,"href":"https:\/\/hospitalsvpgarzon.gov.co\/index.php\/wp-json\/wp\/v2\/comments?post=1198"}],"version-history":[{"count":4,"href":"https:\/\/hospitalsvpgarzon.gov.co\/index.php\/wp-json\/wp\/v2\/pages\/1198\/revisions"}],"predecessor-version":[{"id":4181,"href":"https:\/\/hospitalsvpgarzon.gov.co\/index.php\/wp-json\/wp\/v2\/pages\/1198\/revisions\/4181"}],"up":[{"embeddable":true,"href":"https:\/\/hospitalsvpgarzon.gov.co\/index.php\/wp-json\/wp\/v2\/pages\/383"}],"wp:attachment":[{"href":"https:\/\/hospitalsvpgarzon.gov.co\/index.php\/wp-json\/wp\/v2\/media?parent=1198"}],"curies":[{"name":"wp","href":"https:\/\/api.w.org\/{rel}","templated":true}]}}