{"id":1048,"date":"2024-12-12T16:27:33","date_gmt":"2024-12-12T16:27:33","guid":{"rendered":"https:\/\/portal.hospitalsvpgarzon.gov.co\/?page_id=1048"},"modified":"2026-01-05T09:49:54","modified_gmt":"2026-01-05T14:49:54","slug":"mapa-del-sitio","status":"publish","type":"page","link":"https:\/\/hospitalsvpgarzon.gov.co\/index.php\/mapa-del-sitio\/","title":{"rendered":"Mapa del Sitio"},"content":{"rendered":"<div class=\"fusion-fullwidth fullwidth-box fusion-builder-row-1 fusion-flex-container has-pattern-background has-mask-background nonhundred-percent-fullwidth non-hundred-percent-height-scrolling\" style=\"--awb-border-radius-top-left:0px;--awb-border-radius-top-right:0px;--awb-border-radius-bottom-right:0px;--awb-border-radius-bottom-left:0px;--awb-flex-wrap:wrap;\" ><div class=\"fusion-builder-row fusion-row fusion-flex-align-items-flex-start fusion-flex-content-wrap\" style=\"max-width:89.44%;margin-left: calc(-4% \/ 2 );margin-right: calc(-4% \/ 2 );\"><div class=\"fusion-layout-column fusion_builder_column fusion-builder-column-0 fusion_builder_column_1_1 1_1 fusion-flex-column\" style=\"--awb-bg-size:cover;--awb-width-large:100%;--awb-margin-top-large:0px;--awb-spacing-right-large:1.92%;--awb-margin-bottom-large:20px;--awb-spacing-left-large:1.92%;--awb-width-medium:100%;--awb-order-medium:0;--awb-spacing-right-medium:1.92%;--awb-spacing-left-medium:1.92%;--awb-width-small:100%;--awb-order-small:0;--awb-spacing-right-small:1.92%;--awb-spacing-left-small:1.92%;\"><div class=\"fusion-column-wrapper fusion-column-has-shadow fusion-flex-justify-content-flex-start fusion-content-layout-column\"><div class=\"fusion-text fusion-text-1\"><p>1. <a href=\"https:\/\/hospitalsvpgarzon.gov.co\/\">Inicio<\/a><\/p>\n<p>2. <a href=\"https:\/\/hospitalsvpgarzon.gov.co\/index.php\/quienes-somos\/\">Qui\u00e9nes Somos<\/a><\/p>\n<p style=\"padding-left: 40px;\">2.1. <a href=\"https:\/\/hospitalsvpgarzon.gov.co\/index.php\/quienes-somos\/nuestra-historia\/\">Nuestra Historia<\/a><\/p>\n<p style=\"padding-left: 40px;\">2.2. <a href=\"https:\/\/hospitalsvpgarzon.gov.co\/index.php\/normatividad\/\">Normatividad<\/a><\/p>\n<p style=\"padding-left: 40px;\">2.3. <a href=\"https:\/\/hospitalsvpgarzon.gov.co\/index.php\/quienes-somos\/funciones-y-deberes\/\">Funciones y Deberes<\/a><\/p>\n<p style=\"padding-left: 40px;\">2.4. <a href=\"https:\/\/hospitalsvpgarzon.gov.co\/index.php\/quienes-somos\/imagen-corporativa\/\">Imagen Corporativa<\/a><\/p>\n<p style=\"padding-left: 40px;\">2.5. <a href=\"https:\/\/hospitalsvpgarzon.gov.co\/index.php\/quienes-somos\/estructura-organizacional\/\">Estructura Organizacional<\/a><\/p>\n<p style=\"padding-left: 40px;\">2.6. <a href=\"https:\/\/hospitalsvpgarzon.gov.co\/index.php\/quienes-somos\/recurso-humano\/\">Recurso Humano<\/a><\/p>\n<p style=\"padding-left: 80px;\">2.6.1. <a href=\"https:\/\/hospitalsvpgarzon.gov.co\/index.php\/quienes-somos\/recurso-humano\/oferta-de-empleo\/\">Oferta de Empleo<\/a><\/p>\n<p style=\"padding-left: 40px;\">2.7. <a href=\"https:\/\/hospitalsvpgarzon.gov.co\/index.php\/quienes-somos\/junta-directiva\/\">Junta Directiva<\/a><\/p>\n<p style=\"padding-left: 40px;\">2.8. <a href=\"https:\/\/hospitalsvpgarzon.gov.co\/index.php\/quienes-somos\/gestion-etica\/\">Gesti\u00f3n \u00c9tica<\/a><\/p>\n<p style=\"padding-left: 40px;\">2.9. <a href=\"https:\/\/hospitalsvpgarzon.gov.co\/index.php\/quienes-somos\/modelo-de-operacion\/\">Modelo de Operaci\u00f3n<\/a><\/p>\n<p style=\"padding-left: 40px;\">2.10. <a href=\"https:\/\/hospitalsvpgarzon.gov.co\/index.php\/ubicanos\/\">Nuestras Sedes<\/a><\/p>\n<p>3. <a href=\"https:\/\/hospitalsvpgarzon.gov.co\/index.php\/atencion-y-servicios-a-la-ciudadania\/\">Atenci\u00f3n y Servicios a la Ciudadan\u00eda<\/a><\/p>\n<p style=\"padding-left: 40px;\">3.1. <a href=\"https:\/\/hospitalsvpgarzon.gov.co\/index.php\/atencion-y-servicios-a-la-ciudadania\/protocolos-de-atencion-al-publico\/\">Protocolos de Atenci\u00f3n al Publico<\/a><\/p>\n<p style=\"padding-left: 80px;\">3.1.1. <a href=\"https:\/\/hospitalsvpgarzon.gov.co\/index.php\/atencion-y-servicios-a-la-ciudadania\/protocolos-de-atencion-al-publico\/repositorio-furag\/\">Repositorio Furag<\/a><\/p>\n<p style=\"padding-left: 40px;\">3.2. <a href=\"https:\/\/hospitalsvpgarzon.gov.co\/index.php\/atencion-y-servicios-a-la-ciudadania\/nuestros-servicios\/\">Nuestros Servicios<\/a><\/p>\n<p style=\"padding-left: 40px;\">3.3. <a href=\"https:\/\/hospitalsvpgarzon.gov.co\/index.php\/atencion-y-servicios-a-la-ciudadania\/mecanismos-atencion-al-ciudadano\/\">Mecanismos Atenci\u00f3n al Ciudadano<\/a><\/p>\n<p>4. <a href=\"https:\/\/hospitalsvpgarzon.gov.co\/index.php\/en-linea\/\">En Linea<\/a><\/p>\n<p style=\"padding-left: 40px;\">4.1. <a href=\"https:\/\/hospitalsvpgarzon.gov.co\/index.php\/en-linea\/servicios-de-informacion\/\">Servicios de Informaci\u00f3n<\/a><\/p>\n<p style=\"padding-left: 80px;\">4.1.1. <a href=\"https:\/\/hospitalsvpgarzon.gov.co\/index.php\/atencion-y-servicios-a-la-ciudadania\/tramites\/\">Tr\u00e1mites<\/a><\/p>\n<p style=\"padding-left: 120px;\">4.1.1.1. <a href=\"https:\/\/hospitalsvpgarzon.gov.co\/index.php\/atencion-y-servicios-a-la-ciudadania\/tramites\/boletin-de-seguridad\/\">Bolet\u00edn de Seguridad<\/a><\/p>\n<p style=\"padding-left: 80px;\">4.1.2. <a href=\"https:\/\/hospitalsvpgarzon.gov.co\/index.php\/en-linea\/servicios-de-informacion\/cuentale-a-nuestro-gerente\/\">Cu\u00e9ntale a Nuestro Gerente<\/a><\/p>\n<p style=\"padding-left: 80px;\">4.1.3. <a href=\"https:\/\/hospitalsvpgarzon.gov.co\/index.php\/en-linea\/servicios-de-informacion\/contactenos-siau\/\">Cont\u00e1ctenos SIAU<\/a><\/p>\n<p style=\"padding-left: 80px;\">4.1.4. <a href=\"https:\/\/hospitalsvpgarzon.gov.co\/index.php\/en-linea\/servicios-de-informacion\/chat-hsvp\/\">Chat-HSVP<\/a><\/p>\n<p style=\"padding-left: 80px;\">4.1.5. <a href=\"https:\/\/hospitalsvpgarzon.gov.co\/index.php\/en-linea\/servicios-de-informacion\/foro\/\">Foro<\/a><\/p>\n<p style=\"padding-left: 80px;\">4.1.6. <a href=\"https:\/\/hospitalsvpgarzon.gov.co\/index.php\/en-linea\/servicios-de-informacion\/informacion-para-grupos-especificos\/\">Informaci\u00f3n Para Grupos Espec\u00edficos<\/a><\/p>\n<p style=\"padding-left: 80px;\">4.1.7. <a href=\"https:\/\/hospitalsvpgarzon.gov.co\/index.php\/en-linea\/servicios-de-informacion\/agendamiento-de-citas\/\">Agendamiento de Citas<\/a><\/p>\n<p style=\"padding-left: 40px;\">4.2. <a href=\"https:\/\/hospitalsvpgarzon.gov.co\/index.php\/en-linea\/proveedores\/\">Proveedores<\/a><\/p>\n<p style=\"padding-left: 80px;\">4.2.1. <a href=\"https:\/\/hospitalsvpgarzon.gov.co\/index.php\/en-linea\/proveedores\/registro-provedores\/\">Registro Provedores<\/a><\/p>\n<p style=\"padding-left: 40px;\">4.3. <a href=\"https:\/\/hospitalsvpgarzon.gov.co\/index.php\/en-linea\/siau_sistema-informacion-atencion-al-usuario\/\">Sistema Informaci\u00f3n Atenci\u00f3n al Usuario<\/a><\/p>\n<p style=\"padding-left: 80px;\">4.3.1. <a href=\"https:\/\/hospitalsvpgarzon.gov.co\/index.php\/en-linea\/siau_sistema-informacion-atencion-al-usuario\/humanizacion\/\">Humanizaci\u00f3n<\/a><\/p>\n<p style=\"padding-left: 120px;\">4.3.1.1. <a href=\"https:\/\/hospitalsvpgarzon.gov.co\/index.php\/en-linea\/siau_sistema-informacion-atencion-al-usuario\/humanizacion\/informacion-adicional\/\">Informaci\u00f3n Adicional<\/a><\/p>\n<p style=\"padding-left: 80px;\">4.3.2. <a href=\"https:\/\/hospitalsvpgarzon.gov.co\/index.php\/quienes-somos\/buzon-p-q-r-s-d\/\">Buz\u00f3n (P.Q.R.S.D)<\/a><\/p>\n<p style=\"padding-left: 80px;\">4.3.3. <a href=\"https:\/\/hospitalsvpgarzon.gov.co\/index.php\/en-linea\/siau_sistema-informacion-atencion-al-usuario\/mecanismos-atencion-al-ciudadano\/\">Mecanismos Atenci\u00f3n al Ciudadano<\/a><\/p>\n<p style=\"padding-left: 80px;\">4.3.4. <a href=\"https:\/\/hospitalsvpgarzon.gov.co\/index.php\/quienes-somos\/flujogramas-y-rutas-de-atencion\/\">Flujogramas y Rutas de Atenci\u00f3n<\/a><\/p>\n<p style=\"padding-left: 80px;\">4.3.5. <a href=\"https:\/\/hospitalsvpgarzon.gov.co\/index.php\/en-linea\/siau_sistema-informacion-atencion-al-usuario\/comite-de-etica-hospitalaria\/\">Comit\u00e9 de \u00c9tica Hospitalaria<\/a><\/p>\n<p style=\"padding-left: 80px;\">4.3.6. <a href=\"https:\/\/hospitalsvpgarzon.gov.co\/index.php\/quienes-somos\/nuestros-horarios\/\">Nuestros Horarios<\/a><\/p>\n<p style=\"padding-left: 80px;\">4.3.7. <a href=\"https:\/\/hospitalsvpgarzon.gov.co\/index.php\/en-linea\/siau_sistema-informacion-atencion-al-usuario\/directorio-institucional\/\">Directorio Institucional<\/a><\/p>\n<p style=\"padding-left: 120px;\">4.3.7.1. <a href=\"https:\/\/hospitalsvpgarzon.gov.co\/index.php\/quienes-somos\/directorio-de-entidades\/\">Directorio de Entidades<\/a><\/p>\n<p style=\"padding-left: 120px;\">4.3.7.2. <a href=\"https:\/\/hospitalsvpgarzon.gov.co\/index.php\/en-linea\/siau_sistema-informacion-atencion-al-usuario\/directorio-institucional\/directorio-de-agremiaciones-asociaciones-y-otros-grupos-de-interes\/\">Directorio De Agremiaciones, Asociaciones y Otros Grupos De Inter\u00e9s<\/a><\/p>\n<p style=\"padding-left: 120px;\">4.3.7.3. <a href=\"https:\/\/hospitalsvpgarzon.gov.co\/index.php\/en-linea\/siau_sistema-informacion-atencion-al-usuario\/directorio-institucional\/programas-y-proyectos-en-ejecucion\/\">Programas y proyectos en ejecuci\u00f3n<\/a><\/p>\n<p style=\"padding-left: 80px;\">4.3.8. <a href=\"https:\/\/hospitalsvpgarzon.gov.co\/index.php\/en-linea\/siau_sistema-informacion-atencion-al-usuario\/derechos-y-deberes-de-los-pacientes\/\">Derechos y Deberes de los Pacientes<\/a><\/p>\n<p style=\"padding-left: 80px;\">4.3.9. <a href=\"https:\/\/hospitalsvpgarzon.gov.co\/index.php\/en-linea\/siau_sistema-informacion-atencion-al-usuario\/preguntas-y-respuestas-info-al-usuario\/\">Preguntas y Respuestas (Info al Usuario)<\/a><\/p>\n<p style=\"padding-left: 80px;\">4.3.10. <a href=\"https:\/\/hospitalsvpgarzon.gov.co\/index.php\/en-linea\/siau_sistema-informacion-atencion-al-usuario\/participacion-social-en-la-e-s-e\/\">Participaci\u00f3n Social en la E.S.E<\/a><\/p>\n<p style=\"padding-left: 120px;\">4.3.10.1. <a href=\"https:\/\/hospitalsvpgarzon.gov.co\/index.php\/en-linea\/siau_sistema-informacion-atencion-al-usuario\/participacion-social-en-la-e-s-e\/plan-de-accion-y-seguimiento-a-la-politica-de-participacion-social-en-salud\/\">Plan de Acci\u00f3n y Seguimiento a la Pol\u00edtica de Participaci\u00f3n Social en Salud<\/a><\/p>\n<p style=\"padding-left: 80px;\">4.3.11. <a href=\"https:\/\/hospitalsvpgarzon.gov.co\/index.php\/en-linea\/siau_sistema-informacion-atencion-al-usuario\/formulario-negacion-del-servicio-salud\/\">Formulario Negaci\u00f3n del Servicio Salud<\/a><\/p>\n<p style=\"padding-left: 80px;\">4.3.12. <a href=\"https:\/\/hospitalsvpgarzon.gov.co\/index.php\/en-linea\/siau_sistema-informacion-atencion-al-usuario\/informe-de-peticiones-quejas-reclamos-denuncias-siau\/\">Informe de Peticiones, quejas, reclamos, denuncias (SIAU)<\/a><\/p>\n<p style=\"padding-left: 80px;\">4.3.13. <a href=\"https:\/\/hospitalsvpgarzon.gov.co\/index.php\/quienes-somos\/modelo-enfoque-diferencial\/\">Modelo Enfoque Diferencial<\/a><\/p>\n<p style=\"padding-left: 40px;\">4.4. <a href=\"https:\/\/hospitalsvpgarzon.gov.co\/index.php\/en-linea\/estrategia-iamii\/\">Estrategia IAMII<\/a><\/p>\n<p style=\"padding-left: 80px;\">4.4.1. <a href=\"https:\/\/hospitalsvpgarzon.gov.co\/index.php\/en-linea\/estrategia-iamii\/politica-iamii\/\">Pol\u00edtica IAMII<\/a><\/p>\n<p style=\"padding-left: 80px;\">4.4.2. <a href=\"https:\/\/hospitalsvpgarzon.gov.co\/index.php\/en-linea\/estrategia-iamii\/pasos-iamii\/\">Pasos IAMII<\/a><\/p>\n<p style=\"padding-left: 80px;\">4.4.3. <a href=\"https:\/\/hospitalsvpgarzon.gov.co\/index.php\/en-linea\/estrategia-iamii\/comite-iamii-institucional\/\">Comit\u00e9 IAMII Institucional<\/a><\/p>\n<p style=\"padding-left: 80px;\">4.4.4. <a href=\"https:\/\/hospitalsvpgarzon.gov.co\/index.php\/en-linea\/estrategia-iamii\/plan-de-capacitacion-iamii\/\">Plan de Capacitaci\u00f3n IAMII<\/a><\/p>\n<p style=\"padding-left: 80px;\">4.4.5. <a href=\"https:\/\/hospitalsvpgarzon.gov.co\/index.php\/en-linea\/estrategia-iamii\/ruta-materno-perinatal\/\">Ruta Materno Perinatal<\/a><\/p>\n<p style=\"padding-left: 80px;\">4.4.6. <a href=\"https:\/\/hospitalsvpgarzon.gov.co\/index.php\/en-linea\/estrategia-iamii\/derechos-de-los-ninos-y-ninas-hospitalizados\/\">Derechos de los ni\u00f1os y ni\u00f1as Hospitalizados<\/a><\/p>\n<p style=\"padding-left: 40px;\">4.5. <a href=\"https:\/\/hospitalsvpgarzon.gov.co\/index.php\/en-linea\/promocion-y-mantenimiento-de-la-salud\/\">Promoci\u00f3n y Mantenimiento de la Salud (IAMII)<\/a><\/p>\n<p style=\"padding-left: 80px;\">4.5.1. <a href=\"https:\/\/hospitalsvpgarzon.gov.co\/index.php\/en-linea\/promocion-y-mantenimiento-de-la-salud\/derechos-sexuales-y-reproductivos\/\">Derechos Sexuales y Reproductivos<\/a><\/p>\n<p style=\"padding-left: 40px;\">4.6. <a href=\"https:\/\/hospitalsvpgarzon.gov.co\/index.php\/en-linea\/repositorio-institucional-de-seguridad-del-paciente\/\">Repositorio Institucional de Seguridad del Paciente<\/a><\/p>\n<p>5.<a href=\"https:\/\/hospitalsvpgarzon.gov.co\/index.php\/gestion\/\">Gesti\u00f3n&nbsp;<\/a><\/p>\n<p style=\"padding-left: 40px;\">5.1. <a href=\"https:\/\/hospitalsvpgarzon.gov.co\/index.php\/gestion\/modelo-integrado-de-planeacion-y-gestion-mipg\/\">Modelo integrado de planeaci\u00f3n y Gesti\u00f3n (MIPG)<\/a><\/p>\n<p style=\"padding-left: 80px;\">5.1.1. <a href=\"https:\/\/hospitalsvpgarzon.gov.co\/index.php\/gestion\/modelo-integrado-de-planeacion-y-gestion-mipg\/sistema-de-control-interno\/\">Sistema de Control Interno<\/a><\/p>\n<p style=\"padding-left: 120px;\">5.1.1.1. <a href=\"https:\/\/hospitalsvpgarzon.gov.co\/index.php\/gestion\/modelo-integrado-de-planeacion-y-gestion-mipg\/sistema-de-control-interno\/planes-de-mejoramiento\/\">Planes de Mejoramiento<\/a><\/p>\n<p style=\"padding-left: 120px;\">5.1.1.2. <a href=\"https:\/\/hospitalsvpgarzon.gov.co\/index.php\/gestion\/modelo-integrado-de-planeacion-y-gestion-mipg\/sistema-de-control-interno\/seguimiento-del-pqrsd-oficina-control-interno\/\">Seguimiento del PQRSD (Oficina Control Interno)<\/a><\/p>\n<p style=\"padding-left: 80px;\">5.1.2. <a href=\"https:\/\/hospitalsvpgarzon.gov.co\/index.php\/gestion\/modelo-integrado-de-planeacion-y-gestion-mipg\/defensa-judicial\/\">Defensa Judicial<\/a><\/p>\n<p style=\"padding-left: 80px;\">5.1.3. <a href=\"https:\/\/hospitalsvpgarzon.gov.co\/index.php\/gestion\/modelo-integrado-de-planeacion-y-gestion-mipg\/gestion-de-calidad\/\">Gesti\u00f3n de Calidad<\/a><\/p>\n<p style=\"padding-left: 120px;\">5.1.3.1. <a href=\"https:\/\/hospitalsvpgarzon.gov.co\/index.php\/gestion\/modelo-integrado-de-planeacion-y-gestion-mipg\/gestion-de-calidad\/consulta-circular-unica\/\">Consulta Circular \u00danica<\/a><\/p>\n<p style=\"padding-left: 120px;\">5.1.3.2. <a href=\"https:\/\/hospitalsvpgarzon.gov.co\/index.php\/gestion\/modelo-integrado-de-planeacion-y-gestion-mipg\/gestion-de-calidad\/reportes-resolucion-1552\/\">Reportes Resoluci\u00f3n 1552<\/a><\/p>\n<p style=\"padding-left: 120px;\">5.1.3.3. <a href=\"https:\/\/hospitalsvpgarzon.gov.co\/index.php\/gestion\/modelo-integrado-de-planeacion-y-gestion-mipg\/gestion-de-calidad\/bei\/\">Boletines Epidemiologicos Intitucionales<\/a><\/p>\n<p style=\"padding-left: 120px;\">5.1.3.4. <a href=\"https:\/\/hospitalsvpgarzon.gov.co\/index.php\/gestion\/modelo-integrado-de-planeacion-y-gestion-mipg\/gestion-de-calidad\/etv\/\">Enfermedades Transmitidas por Vectores<\/a><\/p>\n<p style=\"padding-left: 120px;\">5.1.3.5. <a href=\"https:\/\/hospitalsvpgarzon.gov.co\/index.php\/gestion\/modelo-integrado-de-planeacion-y-gestion-mipg\/gestion-de-calidad\/perfil-de-morbilidad\/\">Perfil de Morbilidad<\/a><\/p>\n<p style=\"padding-left: 120px;\">5.1.3.6. <a href=\"https:\/\/hospitalsvpgarzon.gov.co\/index.php\/gestion\/modelo-integrado-de-planeacion-y-gestion-mipg\/gestion-de-calidad\/estudios-e-investigaciones\/\">Estudios e Investigaciones<\/a><\/p>\n<p style=\"padding-left: 120px;\">5.1.3.7. <a href=\"https:\/\/hospitalsvpgarzon.gov.co\/index.php\/gestion\/modelo-integrado-de-planeacion-y-gestion-mipg\/gestion-de-calidad\/higiene-de-manos\/\">Higiene de Manos<\/a><\/p>\n<p style=\"padding-left: 120px;\">5.1.3.8. <a href=\"https:\/\/hospitalsvpgarzon.gov.co\/index.php\/gestion\/modelo-integrado-de-planeacion-y-gestion-mipg\/gestion-de-calidad\/buzon-seguridad-del-paciente\/\">Buz\u00f3n Seguridad del Paciente<\/a><\/p>\n<p style=\"padding-left: 80px;\">5.1.4. <a href=\"https:\/\/hospitalsvpgarzon.gov.co\/index.php\/gestion\/modelo-integrado-de-planeacion-y-gestion-mipg\/planes-y-politicas-institucionales\/\">Planes y Pol\u00edticas Institucionales<\/a><\/p>\n<p style=\"padding-left: 80px;\">5.1.5. <a href=\"https:\/\/hospitalsvpgarzon.gov.co\/index.php\/gestion\/planes-y-proyectos\/\">Planes y Proyectos<\/a><\/p>\n<p style=\"padding-left: 120px;\">5.1.5.1. <a href=\"https:\/\/hospitalsvpgarzon.gov.co\/index.php\/gestion\/planes-y-proyectos\/politicas-institucionales\/\">Pol\u00edticas Institucionales<\/a><\/p>\n<p style=\"padding-left: 120px;\">5.1.5.2. <a href=\"https:\/\/hospitalsvpgarzon.gov.co\/index.php\/gestion\/planes-y-proyectos\/sarlaft\/\">Sarlaft<\/a><\/p>\n<p style=\"padding-left: 80px;\">5.1.6. <a href=\"https:\/\/hospitalsvpgarzon.gov.co\/index.php\/transparencia-y-acceso-a-la-informacion-publica\/datos-abiertos\/\">Datos Abiertos<\/a><\/p>\n<p style=\"padding-left: 120px;\">5.1.6.1. <a href=\"https:\/\/hospitalsvpgarzon.gov.co\/index.php\/transparencia-y-acceso-a-la-informacion-publica\/datos-abiertos\/accesibilidad-a-la-web\/\">Accesibilidad a la Web<\/a><\/p>\n<p style=\"padding-left: 80px;\">5.1.7. <a href=\"https:\/\/hospitalsvpgarzon.gov.co\/index.php\/gestion\/modelo-integrado-de-planeacion-y-gestion-mipg\/metas-objetivos-e-indicadores-gestion\/\">Metas, objetivos e indicadores gesti\u00f3n<\/a><\/p>\n<p style=\"padding-left: 120px;\">5.1.7.1. <a href=\"https:\/\/hospitalsvpgarzon.gov.co\/index.php\/gestion\/modelo-integrado-de-planeacion-y-gestion-mipg\/metas-objetivos-e-indicadores-gestion\/tablas-de-retencion-documental\/\">Tablas de Retenci\u00f3n Documental<\/a><\/p>\n<p style=\"padding-left: 80px;\">5.1.8. <a href=\"https:\/\/hospitalsvpgarzon.gov.co\/index.php\/gestion\/modelo-integrado-de-planeacion-y-gestion-mipg\/plan-de-rendicion-de-cuentas\/\">Plan de rendici\u00f3n de cuentas<\/a><\/p>\n<p style=\"padding-left: 40px;\">5.2. <a href=\"https:\/\/hospitalsvpgarzon.gov.co\/index.php\/participa\/rendicion-de-cuentas\/\">Rendici\u00f3n de Cuentas<\/a><\/p>\n<p style=\"padding-left: 80px;\">5.2.1. <a href=\"https:\/\/hospitalsvpgarzon.gov.co\/index.php\/participa\/rendicion-de-cuentas\/informes-audiencias-publicas\/\">Informes Audiencias P\u00fablicas<\/a><\/p>\n<p style=\"padding-left: 80px;\">5.2.2. <a href=\"https:\/\/hospitalsvpgarzon.gov.co\/index.php\/participa\/rendicion-de-cuentas\/informes-de-gestion\/\">Informes de Gesti\u00f3n<\/a><\/p>\n<p style=\"padding-left: 80px;\">5.2.3. <a href=\"https:\/\/hospitalsvpgarzon.gov.co\/index.php\/participa\/rendicion-de-cuentas\/datos-financieros-ese\/\">Datos Financieros ESE<\/a><\/p>\n<p style=\"padding-left: 120px;\">5.2.3.1. <a href=\"https:\/\/hospitalsvpgarzon.gov.co\/index.php\/participa\/rendicion-de-cuentas\/datos-financieros-ese\/presupuesto-general\/\">Presupuesto General<\/a><\/p>\n<p style=\"padding-left: 80px;\">5.2.4. <a href=\"https:\/\/hospitalsvpgarzon.gov.co\/index.php\/participa\/rendicion-de-cuentas\/entidades-de-control\/\">Entidades de Control<\/a><\/p>\n<p style=\"padding-left: 40px;\">5.3. <a href=\"https:\/\/hospitalsvpgarzon.gov.co\/index.php\/participa\/gestion-de-riesgos\/\">Gesti\u00f3n de Riesgos<\/a><\/p>\n<p style=\"padding-left: 40px;\">5.4. <a href=\"https:\/\/hospitalsvpgarzon.gov.co\/index.php\/gestion\/comite-paritario\/\">Comit\u00e9 Paritario<\/a><\/p>\n<p style=\"padding-left: 40px;\">5.5. <a href=\"https:\/\/hospitalsvpgarzon.gov.co\/index.php\/quienes-somos\/calendario-de-actividades\/\">Calendario de Actividades<\/a><\/p>\n<p style=\"padding-left: 40px;\">5.6. <a href=\"https:\/\/hospitalsvpgarzon.gov.co\/index.php\/gestion\/glosario\/\">Glosario<\/a><\/p>\n<p>6. <a href=\"https:\/\/hospitalsvpgarzon.gov.co\/index.php\/transparencia-y-acceso-a-la-informacion-publica\/\">Transparencia y Acceso a la Informaci\u00f3n P\u00fablica<\/a><\/p>\n<p>7. <a href=\"https:\/\/hospitalsvpgarzon.gov.co\/index.php\/participa\/\">Participa<\/a><\/p>\n<p>8. <a href=\"https:\/\/hospitalsvpgarzon.gov.co\/index.php\/contratacion\/\">Contrataci\u00f3n<\/a><\/p>\n<p style=\"padding-left: 40px;\">8.1. <a href=\"https:\/\/hospitalsvpgarzon.gov.co\/index.php\/contratacion\/convocatorias-publicas\/\">Convocatorias P\u00fablicas<\/a><\/p>\n<p style=\"padding-left: 40px;\">8.2. <a href=\"https:\/\/hospitalsvpgarzon.gov.co\/index.php\/contratacion\/contratacion-de-servicios\/\">Contrataci\u00f3n de Servicios<\/a><\/p>\n<p style=\"padding-left: 40px;\">8.3. <a href=\"https:\/\/hospitalsvpgarzon.gov.co\/index.php\/adquisiciones-y-compras\/\">Adquisici\u00f3nes y Compras<\/a><\/p>\n<p>9. <a href=\"https:\/\/hospitalsvpgarzon.gov.co\/index.php\/inicio\/prensa\/\">Prensa<\/a><\/p>\n<\/div><\/div><\/div><\/div><\/div>\n","protected":false},"excerpt":{"rendered":"","protected":false},"author":1,"featured_media":0,"parent":0,"menu_order":0,"comment_status":"closed","ping_status":"closed","template":"","meta":{"footnotes":""},"class_list":["post-1048","page","type-page","status-publish","hentry"],"yoast_head":"<!-- This site is optimized with the Yoast SEO plugin v26.6 - https:\/\/yoast.com\/wordpress\/plugins\/seo\/ -->\n<title>Mapa del Sitio - San Vicente de Paul<\/title>\n<meta name=\"robots\" content=\"index, follow, max-snippet:-1, max-image-preview:large, max-video-preview:-1\" \/>\n<link rel=\"canonical\" href=\"https:\/\/hospitalsvpgarzon.gov.co\/index.php\/mapa-del-sitio\/\" \/>\n<meta property=\"og:locale\" content=\"es_ES\" \/>\n<meta property=\"og:type\" content=\"article\" \/>\n<meta property=\"og:title\" content=\"Mapa del Sitio - San Vicente de Paul\" \/>\n<meta property=\"og:url\" content=\"https:\/\/hospitalsvpgarzon.gov.co\/index.php\/mapa-del-sitio\/\" \/>\n<meta property=\"og:site_name\" content=\"San Vicente de Paul\" \/>\n<meta property=\"article:modified_time\" content=\"2026-01-05T14:49:54+00:00\" \/>\n<meta name=\"twitter:card\" content=\"summary_large_image\" \/>\n<meta name=\"twitter:label1\" content=\"Tiempo de lectura\" \/>\n\t<meta name=\"twitter:data1\" content=\"2 minutos\" \/>\n<script type=\"application\/ld+json\" class=\"yoast-schema-graph\">{\"@context\":\"https:\/\/schema.org\",\"@graph\":[{\"@type\":\"WebPage\",\"@id\":\"https:\/\/hospitalsvpgarzon.gov.co\/index.php\/mapa-del-sitio\/\",\"url\":\"https:\/\/hospitalsvpgarzon.gov.co\/index.php\/mapa-del-sitio\/\",\"name\":\"Mapa del Sitio - San Vicente de Paul\",\"isPartOf\":{\"@id\":\"https:\/\/hospitalsvpgarzon.gov.co\/#website\"},\"datePublished\":\"2024-12-12T16:27:33+00:00\",\"dateModified\":\"2026-01-05T14:49:54+00:00\",\"breadcrumb\":{\"@id\":\"https:\/\/hospitalsvpgarzon.gov.co\/index.php\/mapa-del-sitio\/#breadcrumb\"},\"inLanguage\":\"es\",\"potentialAction\":[{\"@type\":\"ReadAction\",\"target\":[\"https:\/\/hospitalsvpgarzon.gov.co\/index.php\/mapa-del-sitio\/\"]}]},{\"@type\":\"BreadcrumbList\",\"@id\":\"https:\/\/hospitalsvpgarzon.gov.co\/index.php\/mapa-del-sitio\/#breadcrumb\",\"itemListElement\":[{\"@type\":\"ListItem\",\"position\":1,\"name\":\"Portada\",\"item\":\"https:\/\/hospitalsvpgarzon.gov.co\/\"},{\"@type\":\"ListItem\",\"position\":2,\"name\":\"Mapa del Sitio\"}]},{\"@type\":\"WebSite\",\"@id\":\"https:\/\/hospitalsvpgarzon.gov.co\/#website\",\"url\":\"https:\/\/hospitalsvpgarzon.gov.co\/\",\"name\":\"San Vicente de Paul\",\"description\":\"\",\"potentialAction\":[{\"@type\":\"SearchAction\",\"target\":{\"@type\":\"EntryPoint\",\"urlTemplate\":\"https:\/\/hospitalsvpgarzon.gov.co\/?s={search_term_string}\"},\"query-input\":{\"@type\":\"PropertyValueSpecification\",\"valueRequired\":true,\"valueName\":\"search_term_string\"}}],\"inLanguage\":\"es\"}]}<\/script>\n<!-- \/ Yoast SEO plugin. -->","yoast_head_json":{"title":"Mapa del Sitio - San Vicente de Paul","robots":{"index":"index","follow":"follow","max-snippet":"max-snippet:-1","max-image-preview":"max-image-preview:large","max-video-preview":"max-video-preview:-1"},"canonical":"https:\/\/hospitalsvpgarzon.gov.co\/index.php\/mapa-del-sitio\/","og_locale":"es_ES","og_type":"article","og_title":"Mapa del Sitio - San Vicente de Paul","og_url":"https:\/\/hospitalsvpgarzon.gov.co\/index.php\/mapa-del-sitio\/","og_site_name":"San Vicente de Paul","article_modified_time":"2026-01-05T14:49:54+00:00","twitter_card":"summary_large_image","twitter_misc":{"Tiempo de lectura":"2 minutos"},"schema":{"@context":"https:\/\/schema.org","@graph":[{"@type":"WebPage","@id":"https:\/\/hospitalsvpgarzon.gov.co\/index.php\/mapa-del-sitio\/","url":"https:\/\/hospitalsvpgarzon.gov.co\/index.php\/mapa-del-sitio\/","name":"Mapa del Sitio - San Vicente de Paul","isPartOf":{"@id":"https:\/\/hospitalsvpgarzon.gov.co\/#website"},"datePublished":"2024-12-12T16:27:33+00:00","dateModified":"2026-01-05T14:49:54+00:00","breadcrumb":{"@id":"https:\/\/hospitalsvpgarzon.gov.co\/index.php\/mapa-del-sitio\/#breadcrumb"},"inLanguage":"es","potentialAction":[{"@type":"ReadAction","target":["https:\/\/hospitalsvpgarzon.gov.co\/index.php\/mapa-del-sitio\/"]}]},{"@type":"BreadcrumbList","@id":"https:\/\/hospitalsvpgarzon.gov.co\/index.php\/mapa-del-sitio\/#breadcrumb","itemListElement":[{"@type":"ListItem","position":1,"name":"Portada","item":"https:\/\/hospitalsvpgarzon.gov.co\/"},{"@type":"ListItem","position":2,"name":"Mapa del Sitio"}]},{"@type":"WebSite","@id":"https:\/\/hospitalsvpgarzon.gov.co\/#website","url":"https:\/\/hospitalsvpgarzon.gov.co\/","name":"San Vicente de Paul","description":"","potentialAction":[{"@type":"SearchAction","target":{"@type":"EntryPoint","urlTemplate":"https:\/\/hospitalsvpgarzon.gov.co\/?s={search_term_string}"},"query-input":{"@type":"PropertyValueSpecification","valueRequired":true,"valueName":"search_term_string"}}],"inLanguage":"es"}]}},"_links":{"self":[{"href":"https:\/\/hospitalsvpgarzon.gov.co\/index.php\/wp-json\/wp\/v2\/pages\/1048","targetHints":{"allow":["GET"]}}],"collection":[{"href":"https:\/\/hospitalsvpgarzon.gov.co\/index.php\/wp-json\/wp\/v2\/pages"}],"about":[{"href":"https:\/\/hospitalsvpgarzon.gov.co\/index.php\/wp-json\/wp\/v2\/types\/page"}],"author":[{"embeddable":true,"href":"https:\/\/hospitalsvpgarzon.gov.co\/index.php\/wp-json\/wp\/v2\/users\/1"}],"replies":[{"embeddable":true,"href":"https:\/\/hospitalsvpgarzon.gov.co\/index.php\/wp-json\/wp\/v2\/comments?post=1048"}],"version-history":[{"count":1,"href":"https:\/\/hospitalsvpgarzon.gov.co\/index.php\/wp-json\/wp\/v2\/pages\/1048\/revisions"}],"predecessor-version":[{"id":4142,"href":"https:\/\/hospitalsvpgarzon.gov.co\/index.php\/wp-json\/wp\/v2\/pages\/1048\/revisions\/4142"}],"wp:attachment":[{"href":"https:\/\/hospitalsvpgarzon.gov.co\/index.php\/wp-json\/wp\/v2\/media?parent=1048"}],"curies":[{"name":"wp","href":"https:\/\/api.w.org\/{rel}","templated":true}]}}